{"id":680,"date":"2013-12-17T01:49:29","date_gmt":"2013-12-16T23:49:29","guid":{"rendered":"http:\/\/www.czssvjanabosca.sk\/?page_id=680"},"modified":"2019-01-30T09:44:37","modified_gmt":"2019-01-30T07:44:37","slug":"skolsky-vzdelavaci-program","status":"publish","type":"page","link":"https:\/\/www.czslc.sk\/?page_id=680","title":{"rendered":"\u0160kolsk\u00fd vzdel\u00e1vac\u00ed program"},"content":{"rendered":"<table style=\"width: 431px; height: 83px;\" border=\"0\">\n<tbody>\n<tr>\n<td>ISCED 1<\/td>\n<td><a href=\"http:\/\/www.czslc.sk\/?attachment_id=688\" rel=\"attachment wp-att-688\">BOSK\u00c1\u010cIK<\/a><\/td>\n<\/tr>\n<tr>\n<td>ISCED 2<\/td>\n<td><a href=\"http:\/\/www.czssvjanabosca.sk\/?attachment_id=703\" rel=\"attachment wp-att-703\">SALEZI\u00c1NIK<\/a><\/td>\n<\/tr>\n<\/tbody>\n<\/table>\n<h5>Inovovan\u00fd \u0161kolsk\u00fd vzdel\u00e1vac\u00ed program<\/h5>\n<table style=\"width: 639px;\">\n<tbody>\n<tr>\n<td style=\"width: 620.767px; text-align: center;\">\n<h6 style=\"text-align: left;\"><a href=\"http:\/\/www.czslc.sk\/?wpfb_dl=5281\">Inovovan\u00fd \u0161kolsk\u00fd vzdel\u00e1vac\u00ed program&nbsp;ISCED 1 a 2<\/a><\/h6>\n<\/td>\n<\/tr>\n<tr>\n<td style=\"width: 620.767px; text-align: center;\">&nbsp;<\/td>\n<\/tr>\n<\/tbody>\n<\/table>\n","protected":false},"excerpt":{"rendered":"<p>ISCED 1 BOSK\u00c1\u010cIK ISCED 2 SALEZI\u00c1NIK Inovovan\u00fd \u0161kolsk\u00fd vzdel\u00e1vac\u00ed program Inovovan\u00fd \u0161kolsk\u00fd vzdel\u00e1vac\u00ed program&nbsp;ISCED 1 a 2 &nbsp;<\/p>\n","protected":false},"author":1,"featured_media":0,"parent":0,"menu_order":0,"comment_status":"closed","ping_status":"open","template":"","meta":{"ngg_post_thumbnail":0,"footnotes":""},"class_list":["post-680","page","type-page","status-publish","hentry"],"aioseo_notices":[],"_links":{"self":[{"href":"https:\/\/www.czslc.sk\/index.php?rest_route=\/wp\/v2\/pages\/680","targetHints":{"allow":["GET"]}}],"collection":[{"href":"https:\/\/www.czslc.sk\/index.php?rest_route=\/wp\/v2\/pages"}],"about":[{"href":"https:\/\/www.czslc.sk\/index.php?rest_route=\/wp\/v2\/types\/page"}],"author":[{"embeddable":true,"href":"https:\/\/www.czslc.sk\/index.php?rest_route=\/wp\/v2\/users\/1"}],"replies":[{"embeddable":true,"href":"https:\/\/www.czslc.sk\/index.php?rest_route=%2Fwp%2Fv2%2Fcomments&post=680"}],"version-history":[{"count":26,"href":"https:\/\/www.czslc.sk\/index.php?rest_route=\/wp\/v2\/pages\/680\/revisions"}],"predecessor-version":[{"id":22132,"href":"https:\/\/www.czslc.sk\/index.php?rest_route=\/wp\/v2\/pages\/680\/revisions\/22132"}],"wp:attachment":[{"href":"https:\/\/www.czslc.sk\/index.php?rest_route=%2Fwp%2Fv2%2Fmedia&parent=680"}],"curies":[{"name":"wp","href":"https:\/\/api.w.org\/{rel}","templated":true}]}}