{"id":31528,"date":"2024-05-14T08:23:30","date_gmt":"2024-05-14T06:23:30","guid":{"rendered":"https:\/\/www.czslc.sk\/?page_id=31528"},"modified":"2024-05-14T08:23:30","modified_gmt":"2024-05-14T06:23:30","slug":"april-2024","status":"publish","type":"page","link":"https:\/\/www.czslc.sk\/?page_id=31528","title":{"rendered":"Apr\u00edl 2024"},"content":{"rendered":"\n<table width=\"1355\">\n<tbody>\n<tr>\n<td width=\"88\">Por.\u010d\u00edslo fakt\u00fary<\/td>\n<td width=\"497\">Dod\u00e1vate\u013e:<\/td>\n<td width=\"94\">I\u010cO<\/td>\n<td width=\"112\">Fakt\u00fara \u010d\u00edslo<\/td>\n<td width=\"361\">Popis objednan\u00e9ho plnenia<\/td>\n<td width=\"94\">Suma v EUR<\/td>\n<td width=\"109\">D\u00e1tum doru\u010denia fakt\u00fary<\/td>\n<\/tr>\n<tr>\n<td>DF240079<\/td>\n<td>SPP, a.s., Mlynsk\u00e9 nivy 44\/a, Bratislava<\/td>\n<td>35815256<\/td>\n<td>8611585158<\/td>\n<td>zemn\u00fd plyn 04\/2024<\/td>\n<td>1 418,00 \u20ac<\/td>\n<td>3.4.2024<\/td>\n<\/tr>\n<tr>\n<td>DF240080<\/td>\n<td>Ing. Milan Hric, Alexandra W\u00e1gnera 2515\/38, 984 01&nbsp; Lu\u010denec<\/td>\n<td>47025883<\/td>\n<td>20240187<\/td>\n<td>civiln\u00e1 ochrana za 1.Q. 2024<\/td>\n<td>72,00 \u20ac<\/td>\n<td>4.4.2024<\/td>\n<\/tr>\n<tr>\n<td>DF240081<\/td>\n<td>osobny\u00fadaj.sk, Ko\u0161ice, N\u00e1m. oslobodite\u013eov 3\/A, Ko\u0161ice<\/td>\n<td>50528041<\/td>\n<td>1024040960<\/td>\n<td>v\u00fdkon zodpovednej osoby za 04\/2024<\/td>\n<td>36,00 \u20ac<\/td>\n<td>5.4.2024<\/td>\n<\/tr>\n<tr>\n<td>DF240082<\/td>\n<td>Detronics, s.r.o., Buzuluck\u00e1 3, Zvolen<\/td>\n<td>45318565<\/td>\n<td>240115146<\/td>\n<td>pau\u0161\u00e1lny poplatok FiberLine Office Pro za apr\u00edl 2024<\/td>\n<td>42,00 \u20ac<\/td>\n<td>8.4.2024<\/td>\n<\/tr>\n<tr>\n<td>DF240083<\/td>\n<td>INTA, s.r.o., Ryb\u00e1rska 758\/18, Tren\u010d\u00edn<\/td>\n<td>34129863<\/td>\n<td>ODBRO24030636<\/td>\n<td>odber kuchynsk\u00e9ho odpadu 3\/2024<\/td>\n<td>30,00 \u20ac<\/td>\n<td>9.4.2024<\/td>\n<\/tr>\n<tr>\n<td>DF240084<\/td>\n<td>VSE, a.s., Mlynsk\u00e1 31, Ko\u0161ice<\/td>\n<td>44483767<\/td>\n<td>7292384568<\/td>\n<td>elektrina 3\/2024<\/td>\n<td>720,90 \u20ac<\/td>\n<td>10.4.2024<\/td>\n<\/tr>\n<tr>\n<td>DF240085<\/td>\n<td>Peter Kovan, s.r.o., Moyzesova 726\/4, 985 52&nbsp; Div\u00edn<\/td>\n<td>50839098<\/td>\n<td>20240037<\/td>\n<td>posedenie s menu ku d\u0148u u\u010dite\u013eov<\/td>\n<td>665,40 \u20ac<\/td>\n<td>10.4.2024<\/td>\n<\/tr>\n<tr>\n<td>DF240086<\/td>\n<td>O2 Slovakia, s.r.o., Einsteinova 24, Bratislava<\/td>\n<td>47259116<\/td>\n<td>1471524067<\/td>\n<td>telekomunika\u010dn\u00e9 slu\u017eby 3\/2024<\/td>\n<td>62,00 \u20ac<\/td>\n<td>11.4.2024<\/td>\n<\/tr>\n<tr>\n<td>DF240087<\/td>\n<td>Printmania, s.r.o., J.G.Tajovsk\u00e9ho 540\/2, 971 01&nbsp; Prievidza<\/td>\n<td>46046453<\/td>\n<td>240104187<\/td>\n<td>tonery<\/td>\n<td>27,40 \u20ac<\/td>\n<td>11.4.2024<\/td>\n<\/tr>\n<tr>\n<td>DF240088<\/td>\n<td>Mgr. Ladislav Kanaba &#8211; ABT, TPO, Malinovsk\u00e9ho 3, Lu\u010denec<\/td>\n<td>40616495<\/td>\n<td>35\/2024<\/td>\n<td>pau\u0161\u00e1lny poplatok, pr\u00e1ca technika BOZP a PO 3\/2024<\/td>\n<td>80,00 \u20ac<\/td>\n<td>11.4.2024<\/td>\n<\/tr>\n<tr>\n<td>DF240089<\/td>\n<td>j2 studio, s.r.o., R\u00fabanisko III., 2914\/378, 984 01&nbsp; Lu\u010denec&nbsp;<\/td>\n<td>52092135<\/td>\n<td>202404007<\/td>\n<td>skrinky<\/td>\n<td>252,00 \u20ac<\/td>\n<td>12.4.2024<\/td>\n<\/tr>\n<tr>\n<td>DF240090<\/td>\n<td>j2 studio, s.r.o., R\u00fabanisko III., 2914\/378, 984 01&nbsp; Lu\u010denec&nbsp;<\/td>\n<td>52092135<\/td>\n<td>202404008<\/td>\n<td>skrinky<\/td>\n<td>480,00 \u20ac<\/td>\n<td>12.4.2024<\/td>\n<\/tr>\n<tr>\n<td>DF240091<\/td>\n<td>Gastrolux, s.r.o., Byt\u010dick\u00e1 2, 010 01&nbsp; \u017dilina<\/td>\n<td>36413186<\/td>\n<td>10240853<\/td>\n<td>Termos<\/td>\n<td>322,80 \u20ac<\/td>\n<td>16.4.2024<\/td>\n<\/tr>\n<tr>\n<td>DF240092<\/td>\n<td>Web Retail, s.r.o., Husineck\u00e1 903\/10, Praha 3<\/td>\n<td>28876431<\/td>\n<td>2024253174<\/td>\n<td>lampa s modulom do Epson BrigthLink 450Wi<\/td>\n<td>131,06 \u20ac<\/td>\n<td>16.4.2024<\/td>\n<\/tr>\n<tr>\n<td>DF240093<\/td>\n<td>ASC Applied Software Consultants, s.r.o., Svoradova 7\/1, 811 03&nbsp; Bratislava<\/td>\n<td>31361161<\/td>\n<td>9124002207<\/td>\n<td>\u010dipy<\/td>\n<td>120,00 \u20ac<\/td>\n<td>16.4.2024<\/td>\n<\/tr>\n<tr>\n<td>DF240094<\/td>\n<td>SPOOL, a.s., Dr. Herza \u010d. 23, 984 01&nbsp; Lu\u010denec<\/td>\n<td>31586392<\/td>\n<td>920240143<\/td>\n<td>pou\u017e\u00edvanie \u0161portovej haly ARENA<\/td>\n<td>30,00 \u20ac<\/td>\n<td>18.4.2024<\/td>\n<\/tr>\n<tr>\n<td>DF240095<\/td>\n<td>Dom\u00e9na, s.r.o., Atrium High Tatras, Nov\u00fd Smokovec 42,0062 01&nbsp; Vysok\u00e9 Tatry<\/td>\n<td>31399282<\/td>\n<td>2242001149<\/td>\n<td>Stretnutie riadite\u013eov cirkevn\u00fdch \u0161k\u00f4l<\/td>\n<td>146,00 \u20ac<\/td>\n<td>23.4.2024<\/td>\n<\/tr>\n<tr>\n<td>DF240096<\/td>\n<td>Valman, s.r.o., Nov\u00fd Svet 27, 974 01&nbsp; Bansk\u00e1 Bystrica<\/td>\n<td>44473761<\/td>\n<td>24220857<\/td>\n<td>\u0161kolsk\u00e9 ovocie<\/td>\n<td>0,00 \u20ac<\/td>\n<td>29.4.2024<\/td>\n<\/tr>\n<tr>\n<td>DF240097<\/td>\n<td>Krp\u010diar Pavel, T\u00f3tha 2990\/33, Lu\u010denec<\/td>\n<td>&nbsp;<\/td>\n<td>1\/4\/2024 PS<\/td>\n<td>prevoz stravy 04\/2024<\/td>\n<td>70,00 \u20ac<\/td>\n<td>30.4.2024<\/td>\n<\/tr>\n<tr>\n<td>DF240098<\/td>\n<td>S\u00fakromn\u00e1 Z\u0160 s M\u0160 DSA, N\u00e1mestie Kub\u00ednyiho 42\/6, Lu\u010denec<\/td>\n<td>35991607<\/td>\n<td>2\/4\/2024<\/td>\n<td>RN\u017d zamestnanci 04\/2024<\/td>\n<td>406,80 \u20ac<\/td>\n<td>30.4.2024<\/td>\n<\/tr>\n<tr>\n<td>DF240099<\/td>\n<td>S\u00fakromn\u00e1 Z\u0160 s M\u0160 DSA, N\u00e1mestie Kub\u00ednyiho 42\/6, Lu\u010denec<\/td>\n<td>35991607<\/td>\n<td>RN\u017d 1\/4\/2024<\/td>\n<td>RN\u017d \u017eiaci 04\/2024<\/td>\n<td>730,00 \u20ac<\/td>\n<td>30.4.2024<\/td>\n<\/tr>\n<tr>\n<td>DF240100<\/td>\n<td>S\u00fakromn\u00e1 Z\u0160 s M\u0160 DSA, N\u00e1mestie Kub\u00ednyiho 42\/6, Lu\u010denec<\/td>\n<td>35991607<\/td>\n<td>1\/4\/2024<\/td>\n<td>dodan\u00e1 strava 04\/2024<\/td>\n<td>5 668,60 \u20ac<\/td>\n<td>30.4.2024<\/td>\n<\/tr>\n<\/tbody>\n<\/table>\n","protected":false},"excerpt":{"rendered":"<p>Por.\u010d\u00edslo fakt\u00fary Dod\u00e1vate\u013e: I\u010cO Fakt\u00fara \u010d\u00edslo Popis objednan\u00e9ho plnenia Suma v EUR D\u00e1tum doru\u010denia fakt\u00fary DF240079 SPP, a.s., Mlynsk\u00e9 nivy 44\/a, Bratislava 35815256 8611585158 zemn\u00fd plyn 04\/2024 1 418,00 \u20ac 3.4.2024 DF240080 Ing. Milan Hric, Alexandra W\u00e1gnera 2515\/38, 984 01&nbsp; Lu\u010denec 47025883 20240187 civiln\u00e1 ochrana za 1.Q. 2024 72,00 \u20ac &hellip;<\/p>\n","protected":false},"author":1,"featured_media":0,"parent":0,"menu_order":0,"comment_status":"closed","ping_status":"closed","template":"","meta":{"ngg_post_thumbnail":0,"footnotes":""},"class_list":["post-31528","page","type-page","status-publish","hentry"],"aioseo_notices":[],"_links":{"self":[{"href":"https:\/\/www.czslc.sk\/index.php?rest_route=\/wp\/v2\/pages\/31528","targetHints":{"allow":["GET"]}}],"collection":[{"href":"https:\/\/www.czslc.sk\/index.php?rest_route=\/wp\/v2\/pages"}],"about":[{"href":"https:\/\/www.czslc.sk\/index.php?rest_route=\/wp\/v2\/types\/page"}],"author":[{"embeddable":true,"href":"https:\/\/www.czslc.sk\/index.php?rest_route=\/wp\/v2\/users\/1"}],"replies":[{"embeddable":true,"href":"https:\/\/www.czslc.sk\/index.php?rest_route=%2Fwp%2Fv2%2Fcomments&post=31528"}],"version-history":[{"count":1,"href":"https:\/\/www.czslc.sk\/index.php?rest_route=\/wp\/v2\/pages\/31528\/revisions"}],"predecessor-version":[{"id":31529,"href":"https:\/\/www.czslc.sk\/index.php?rest_route=\/wp\/v2\/pages\/31528\/revisions\/31529"}],"wp:attachment":[{"href":"https:\/\/www.czslc.sk\/index.php?rest_route=%2Fwp%2Fv2%2Fmedia&parent=31528"}],"curies":[{"name":"wp","href":"https:\/\/api.w.org\/{rel}","templated":true}]}}