{"id":31341,"date":"2024-04-09T13:49:42","date_gmt":"2024-04-09T11:49:42","guid":{"rendered":"https:\/\/www.czslc.sk\/?page_id=31341"},"modified":"2024-04-09T13:49:43","modified_gmt":"2024-04-09T11:49:43","slug":"marec-2024","status":"publish","type":"page","link":"https:\/\/www.czslc.sk\/?page_id=31341","title":{"rendered":"Marec 2024"},"content":{"rendered":"\n<table width=\"1393\">\n<tbody>\n<tr>\n<td width=\"88\">Por.\u010d\u00edslo fakt\u00fary<\/td>\n<td width=\"512\">Dod\u00e1vate\u013e:<\/td>\n<td width=\"94\">I\u010cO<\/td>\n<td width=\"135\">Fakt\u00fara \u010d\u00edslo<\/td>\n<td width=\"361\">Popis objednan\u00e9ho plnenia<\/td>\n<td width=\"94\">Suma v EUR<\/td>\n<td width=\"109\">D\u00e1tum doru\u010denia fakt\u00fary<\/td>\n<\/tr>\n<tr>\n<td width=\"88\">DF240041<\/td>\n<td width=\"512\">SIGNAL-CODE, s.r.o., Zvolensk\u00e1 cesta 31, 984 01&nbsp; Lu\u010denec<\/td>\n<td width=\"94\">45697515<\/td>\n<td width=\"135\">FV20240154<\/td>\n<td width=\"361\">nastavenie tla\u010diarne<\/td>\n<td width=\"94\">36,00 \u20ac<\/td>\n<td width=\"109\">1.3.2024<\/td>\n<\/tr>\n<tr>\n<td>DF240042<\/td>\n<td>osobny\u00fadaj.sk, Ko\u0161ice, N\u00e1m. oslobodite\u013eov 3\/A, Ko\u0161ice<\/td>\n<td>50528041<\/td>\n<td>1024030950<\/td>\n<td>v\u00fdkon zodpovednej osoby za 03\/2024<\/td>\n<td>36,00 \u20ac<\/td>\n<td>1.3.2024<\/td>\n<\/tr>\n<tr>\n<td>DF240043<\/td>\n<td>ESV plus, s.r.o, Poto\u010dn\u00e1 145\/43, Lu\u010denec<\/td>\n<td>36642321<\/td>\n<td>43\/2024<\/td>\n<td>kancel\u00e1rske potreby<\/td>\n<td>76,00 \u20ac<\/td>\n<td>4.3.2024<\/td>\n<\/tr>\n<tr>\n<td>DF240044<\/td>\n<td>SPP, a.s., Mlynsk\u00e9 nivy 44\/a, Bratislava<\/td>\n<td>35815256<\/td>\n<td>8650334308<\/td>\n<td>zemn\u00fd plyn 03\/2024<\/td>\n<td>1 418,00 \u20ac<\/td>\n<td>4.3.2024<\/td>\n<\/tr>\n<tr>\n<td>241200001<\/td>\n<td>SIGNAL-CODE, s.r.o., Zvolensk\u00e1 cesta 31, 984 01&nbsp; Lu\u010denec<\/td>\n<td>45697515<\/td>\n<td>FV20240180<\/td>\n<td>videovr\u00e1tnik<\/td>\n<td>-2 787,70 \u20ac<\/td>\n<td>4.3.2024<\/td>\n<\/tr>\n<tr>\n<td>DF240045<\/td>\n<td>SIGNAL-CODE, s.r.o., Zvolensk\u00e1 cesta 31, 984 01&nbsp; Lu\u010denec<\/td>\n<td>45697515<\/td>\n<td>FV20240181<\/td>\n<td>videovr\u00e1tnik<\/td>\n<td>1 661,03 \u20ac<\/td>\n<td>4.3.2024<\/td>\n<\/tr>\n<tr>\n<td>DF240046<\/td>\n<td>Mgr. Ladislav Kanaba &#8211; ABT, TPO, Malinovsk\u00e9ho 3, Lu\u010denec<\/td>\n<td>40616495<\/td>\n<td>23\/2024<\/td>\n<td>pau\u0161\u00e1lny poplatok, pr\u00e1ca technika BOZP a PO 2\/2024<\/td>\n<td>80,00 \u20ac<\/td>\n<td>5.3.2024<\/td>\n<\/tr>\n<tr>\n<td>DF240047<\/td>\n<td>Valman, s.r.o., Nov\u00fd Svet 27, Bansk\u00e1 Bystrica<\/td>\n<td>444473761<\/td>\n<td>24220374<\/td>\n<td>\u0161kolsk\u00e9 ovocie<\/td>\n<td>0,00 \u20ac<\/td>\n<td>6.3.2024<\/td>\n<\/tr>\n<tr>\n<td>DF240048<\/td>\n<td>Detronics, s.r.o., Buzuluck\u00e1 3, Zvolen<\/td>\n<td>45318565<\/td>\n<td>240111163<\/td>\n<td>pau\u0161\u00e1lny poplatok FiberLine Office Pro za marec 2024<\/td>\n<td>42,00 \u20ac<\/td>\n<td>6.3.2024<\/td>\n<\/tr>\n<tr>\n<td>DF240049<\/td>\n<td>CORA GASTRO, s.r.o., \u0160tef\u00e1nikova 5867\/74, Poprad<\/td>\n<td>44857187<\/td>\n<td>240100252<\/td>\n<td>kuchynsk\u00e9 potreby, um\u00fdvacie prostriedky<\/td>\n<td>226,98 \u20ac<\/td>\n<td>7.3.2024<\/td>\n<\/tr>\n<tr>\n<td>DF240050<\/td>\n<td>VSE, a.s., Mlynsk\u00e1 31, Ko\u0161ice<\/td>\n<td>44483767<\/td>\n<td>2840024066<\/td>\n<td>elektrina 2\/2024<\/td>\n<td>680,66 \u20ac<\/td>\n<td>8.3.2024<\/td>\n<\/tr>\n<tr>\n<td>DF240051<\/td>\n<td>StVPS, a.s., Partiz\u00e1nska cesta 5, 974 01&nbsp; Bansk\u00e1 Bystrica<\/td>\n<td>36644030<\/td>\n<td>2241046796<\/td>\n<td>vodn\u00e9, sto\u010dn\u00e9<\/td>\n<td>21,00 \u20ac<\/td>\n<td>11.3.2024<\/td>\n<\/tr>\n<tr>\n<td>DF240052<\/td>\n<td>StVPS, a.s., Partiz\u00e1nska cesta 5, 974 01&nbsp; Bansk\u00e1 Bystrica<\/td>\n<td>36644030<\/td>\n<td>2241046797<\/td>\n<td>vodn\u00e9, sto\u010dn\u00e9<\/td>\n<td>1 197,80 \u20ac<\/td>\n<td>11.3.2024<\/td>\n<\/tr>\n<tr>\n<td>DF240053<\/td>\n<td>INTA, s.r.o., Ryb\u00e1rska 758\/18, Tren\u010d\u00edn<\/td>\n<td>34129863<\/td>\n<td>ODBRO24020651<\/td>\n<td>odber kuchynsk\u00e9ho odpadu 1\/2024<\/td>\n<td>30,00 \u20ac<\/td>\n<td>11.3.2024<\/td>\n<\/tr>\n<tr>\n<td>DF240054<\/td>\n<td>Lidl SR, s.r.o., Ru\u017einovsk\u00e1 1E, 821 02&nbsp; Bratislava<\/td>\n<td>35 793 783<\/td>\n<td>1021680<\/td>\n<td>dar\u010dekov\u00e9 karty<\/td>\n<td>930,00 \u20ac<\/td>\n<td>12.3.2024<\/td>\n<\/tr>\n<tr>\n<td>DF240055<\/td>\n<td>O2 Slovakia, s.r.o., Einsteinova 24, Bratislava<\/td>\n<td>47259116<\/td>\n<td>1571489168<\/td>\n<td>telekomunika\u010dn\u00e9 slu\u017eby 2\/2024<\/td>\n<td>62,00 \u20ac<\/td>\n<td>12.3.2024<\/td>\n<\/tr>\n<tr>\n<td>DF240056<\/td>\n<td>STORMWARE s.r.o., Mat\u00fa\u0161ova 48, 811 04&nbsp; Bratislava<\/td>\n<td>36244791<\/td>\n<td>202411298<\/td>\n<td>POHODA 2024 PROFI NET3<\/td>\n<td>954,00 \u20ac<\/td>\n<td>14.3.2024<\/td>\n<\/tr>\n<tr>\n<td>DF240057<\/td>\n<td>DOM\u00c9NA, s.r.o., Atrium High Tatras, Nov\u00fd Smokovec 42, 062 01&nbsp; Vysok\u00e9 Tatry<\/td>\n<td>31399282<\/td>\n<td>2242001016<\/td>\n<td>Stretnutie riadite\u013eov cirkevn\u00fdch \u0161k\u00f4l<\/td>\n<td>208,00 \u20ac<\/td>\n<td>15.5.2024<\/td>\n<\/tr>\n<tr>\n<td>DF240058<\/td>\n<td>SPOOL, a.s., Dr. Herza \u010d. 23, 984 01&nbsp; Lu\u010denec<\/td>\n<td>31586392<\/td>\n<td>920240101<\/td>\n<td>pou\u017e\u00edvanie \u0161portovej haly ARENA<\/td>\n<td>64,00 \u20ac<\/td>\n<td>19.3.2024<\/td>\n<\/tr>\n<tr>\n<td>DF240059<\/td>\n<td>CDRmarket &#8211; Denis \u010ci\u0161i\u010d, Pap\u00edrnick\u00e1 4, 326 00&nbsp; Plze\u0148<\/td>\n<td>73390453<\/td>\n<td>241209779<\/td>\n<td>OKI MB492dn laserov\u00e1 multifunk\u010dn\u00e1 tla\u010diare\u0148<\/td>\n<td>511,70 \u20ac<\/td>\n<td>20.3.2024<\/td>\n<\/tr>\n<tr>\n<td>DF240060<\/td>\n<td>KOSIT WEST, s.r.o., Rastislavova 98, 043 46&nbsp; Ko\u0161ice<\/td>\n<td>50492471<\/td>\n<td>61195410<\/td>\n<td>odvoz a zhodnotenie vystrieden\u00e9ho odpadu<\/td>\n<td>50,45 \u20ac<\/td>\n<td>20.3.2024<\/td>\n<\/tr>\n<tr>\n<td>DF240061<\/td>\n<td>Ledum Kamara SK, s.r.o., Z\u00e1mock\u00e1 30, 811 01&nbsp; Bratislava<\/td>\n<td>48158836<\/td>\n<td>6202423328<\/td>\n<td>Toner Oki 45807106, \u010dierny<\/td>\n<td>108,48 \u20ac<\/td>\n<td>21.3.2024<\/td>\n<\/tr>\n<tr>\n<td>DF240062<\/td>\n<td>CEIT, s.r.o., \u010cemy\u0161evsk\u00e9ho 10, 851 01&nbsp; Bratislava<\/td>\n<td>31318851<\/td>\n<td>2024013<\/td>\n<td>program Proflib \u0160TART<\/td>\n<td>77,00 \u20ac<\/td>\n<td>22.3.2024<\/td>\n<\/tr>\n<tr>\n<td>DF240063<\/td>\n<td>NEMI Trade, s.r.o., \u0160upkova 43\/3, 976 81&nbsp; Podbrezov\u00e1<\/td>\n<td>53239440<\/td>\n<td>2024088<\/td>\n<td>n\u00e1hradn\u00e1 sie\u0165 do hokejovej br\u00e1nky<\/td>\n<td>47,50 \u20ac<\/td>\n<td>22.3.2024<\/td>\n<\/tr>\n<tr>\n<td>DF240064<\/td>\n<td>Avalon IT, s.r.o., \u0160tudentsk\u00e1 269\/16, 040 01&nbsp; Ko\u0161ice<\/td>\n<td>31677711<\/td>\n<td>7240004<\/td>\n<td>Epson\/L11160 atramentov\u00e1 tla\u010diare\u0148 farebn\u00e1, toner<\/td>\n<td>862,00 \u20ac<\/td>\n<td>25.3.2024<\/td>\n<\/tr>\n<tr>\n<td>DF240065<\/td>\n<td>Fossil Energy &amp; Logistic, s.r.o., Tom\u00e1\u0161ikova 50E, 831 04&nbsp; Bratislava<\/td>\n<td>50149318<\/td>\n<td>E20242535<\/td>\n<td>kancel\u00e1rske potreby<\/td>\n<td>143,83 \u20ac<\/td>\n<td>25.3.2024<\/td>\n<\/tr>\n<tr>\n<td>DF240066<\/td>\n<td>Valman, s.r.o., Nov\u00fd Svet 27, Bansk\u00e1 Bystrica<\/td>\n<td>444473761<\/td>\n<td>24220374<\/td>\n<td>\u0161kolsk\u00e9 ovocie<\/td>\n<td>0,00 \u20ac<\/td>\n<td>25.3.2024<\/td>\n<\/tr>\n<tr>\n<td>DF240067<\/td>\n<td>ONET DIGITAL d.o.o., Gmajna 10,0SI &#8211; 1236&nbsp; Trzin<\/td>\n<td>&nbsp;<\/td>\n<td>SK-161548<\/td>\n<td>3D per\u00e1, n\u00e1plne<\/td>\n<td>773,99 \u20ac<\/td>\n<td>26.3.2024<\/td>\n<\/tr>\n<tr>\n<td>DF240068<\/td>\n<td>Alza.sk, s.r.o., Slia\u010dska 1\/D, 831 02&nbsp; Bratislava &#8211; Nov\u00e9 Mesto<\/td>\n<td>36562939<\/td>\n<td>5402682833<\/td>\n<td>3D tla\u010diare\u0148 Creality Ender-3 V3 KE, Filament<\/td>\n<td>338,29 \u20ac<\/td>\n<td>26.3.2024<\/td>\n<\/tr>\n<tr>\n<td>DF240069<\/td>\n<td>HANKO s.r.o., Hod\u017eova 1490\/65, 911 01&nbsp; Tren\u010d\u00edn<\/td>\n<td>46431225<\/td>\n<td>2024052<\/td>\n<td>polep na schody<\/td>\n<td>463,00 \u20ac<\/td>\n<td>26.3.2024<\/td>\n<\/tr>\n<tr>\n<td>DF240070<\/td>\n<td>Daffer, spol. s r.o., V\u010del\u00e1rska 1, 971 01&nbsp; Prievidza<\/td>\n<td>36320439<\/td>\n<td>Z240300189<\/td>\n<td>\u0161kolsk\u00e9 lavice, stoli\u010dky<\/td>\n<td>2 110,00 \u20ac<\/td>\n<td>26.3.2024<\/td>\n<\/tr>\n<tr>\n<td>DF240071<\/td>\n<td>Krp\u010diar Pavel, T\u00f3tha 2990\/33, Lu\u010denec<\/td>\n<td>&nbsp;<\/td>\n<td>1\/3\/2024 PS<\/td>\n<td>prevoz stravy 03\/2024<\/td>\n<td>70,00 \u20ac<\/td>\n<td>27.3.2024<\/td>\n<\/tr>\n<tr>\n<td>DF240072<\/td>\n<td>S\u00fakromn\u00e1 Z\u0160 s M\u0160 DSA, N\u00e1mestie Kub\u00ednyiho 42\/6, Lu\u010denec<\/td>\n<td>35991607<\/td>\n<td>1\/3\/2024<\/td>\n<td>dodan\u00e1 strava 03\/2024<\/td>\n<td>5 039,90 \u20ac<\/td>\n<td>27.3.2024<\/td>\n<\/tr>\n<tr>\n<td>DF240073<\/td>\n<td>S\u00fakromn\u00e1 Z\u0160 s M\u0160 DSA, N\u00e1mestie Kub\u00ednyiho 42\/6, Lu\u010denec<\/td>\n<td>35991607<\/td>\n<td>2\/3\/2024<\/td>\n<td>RN\u017d zamestnanci 03\/2024<\/td>\n<td>380,40 \u20ac<\/td>\n<td>27.3.2024<\/td>\n<\/tr>\n<tr>\n<td>DF240074<\/td>\n<td>S\u00fakromn\u00e1 Z\u0160 s M\u0160 DSA, N\u00e1mestie Kub\u00ednyiho 42\/6, Lu\u010denec<\/td>\n<td>35991607<\/td>\n<td>RN\u017d 1\/3\/2024<\/td>\n<td>RN\u017d \u017eiaci 03\/2024<\/td>\n<td>849,60 \u20ac<\/td>\n<td>27.3.2024<\/td>\n<\/tr>\n<tr>\n<td>DF240075<\/td>\n<td>ESV plus, s.r.o, Poto\u010dn\u00e1 145\/43, Lu\u010denec<\/td>\n<td>36642321<\/td>\n<td>91\/2024<\/td>\n<td>kancel\u00e1rske potreby<\/td>\n<td>210,00 \u20ac<\/td>\n<td>27.3.2024<\/td>\n<\/tr>\n<tr>\n<td>DF240076<\/td>\n<td>AITEC, s.r.o., Slovinsk\u00e1 12, 821 04&nbsp; Bratislava<\/td>\n<td>43829171<\/td>\n<td>1502400083<\/td>\n<td>digit\u00e1lna podpora na vyu\u010dovanie pre 1. stupe\u0148 Z\u0160<\/td>\n<td>159,60 \u20ac<\/td>\n<td>27.3.2024<\/td>\n<\/tr>\n<tr>\n<td>DF240077<\/td>\n<td>PcProfi, s.r.o., Fintick\u00e1 14050\/119, 080 06&nbsp; Pre\u0161ov<\/td>\n<td>44685173<\/td>\n<td>FV240847<\/td>\n<td>robot&nbsp;<\/td>\n<td>605,00 \u20ac<\/td>\n<td>27.3.2024<\/td>\n<\/tr>\n<tr>\n<td>DF240078<\/td>\n<td>BEST THERAPY, s.r.o., M.R\u00e1zusa 1310\/111, 984 01&nbsp; Lu\u010denec<\/td>\n<td>54080738<\/td>\n<td>20240004<\/td>\n<td>permanentky&nbsp;<\/td>\n<td>578,00 \u20ac<\/td>\n<td>27.3.2024<\/td>\n<\/tr>\n<\/tbody>\n<\/table>\n","protected":false},"excerpt":{"rendered":"<p>Por.\u010d\u00edslo fakt\u00fary Dod\u00e1vate\u013e: I\u010cO Fakt\u00fara \u010d\u00edslo Popis objednan\u00e9ho plnenia Suma v EUR D\u00e1tum doru\u010denia fakt\u00fary DF240041 SIGNAL-CODE, s.r.o., Zvolensk\u00e1 cesta 31, 984 01&nbsp; Lu\u010denec 45697515 FV20240154 nastavenie tla\u010diarne 36,00 \u20ac 1.3.2024 DF240042 osobny\u00fadaj.sk, Ko\u0161ice, N\u00e1m. oslobodite\u013eov 3\/A, Ko\u0161ice 50528041 1024030950 v\u00fdkon zodpovednej osoby za 03\/2024 36,00 \u20ac 1.3.2024 DF240043 ESV &hellip;<\/p>\n","protected":false},"author":1,"featured_media":0,"parent":0,"menu_order":0,"comment_status":"closed","ping_status":"closed","template":"","meta":{"ngg_post_thumbnail":0,"footnotes":""},"class_list":["post-31341","page","type-page","status-publish","hentry"],"aioseo_notices":[],"_links":{"self":[{"href":"https:\/\/www.czslc.sk\/index.php?rest_route=\/wp\/v2\/pages\/31341","targetHints":{"allow":["GET"]}}],"collection":[{"href":"https:\/\/www.czslc.sk\/index.php?rest_route=\/wp\/v2\/pages"}],"about":[{"href":"https:\/\/www.czslc.sk\/index.php?rest_route=\/wp\/v2\/types\/page"}],"author":[{"embeddable":true,"href":"https:\/\/www.czslc.sk\/index.php?rest_route=\/wp\/v2\/users\/1"}],"replies":[{"embeddable":true,"href":"https:\/\/www.czslc.sk\/index.php?rest_route=%2Fwp%2Fv2%2Fcomments&post=31341"}],"version-history":[{"count":1,"href":"https:\/\/www.czslc.sk\/index.php?rest_route=\/wp\/v2\/pages\/31341\/revisions"}],"predecessor-version":[{"id":31342,"href":"https:\/\/www.czslc.sk\/index.php?rest_route=\/wp\/v2\/pages\/31341\/revisions\/31342"}],"wp:attachment":[{"href":"https:\/\/www.czslc.sk\/index.php?rest_route=%2Fwp%2Fv2%2Fmedia&parent=31341"}],"curies":[{"name":"wp","href":"https:\/\/api.w.org\/{rel}","templated":true}]}}