{"id":30828,"date":"2023-12-23T20:30:28","date_gmt":"2023-12-23T18:30:28","guid":{"rendered":"https:\/\/www.czslc.sk\/?page_id=30828"},"modified":"2023-12-23T20:30:29","modified_gmt":"2023-12-23T18:30:29","slug":"november-2023","status":"publish","type":"page","link":"https:\/\/www.czslc.sk\/?page_id=30828","title":{"rendered":"November 2023"},"content":{"rendered":"\n<table width=\"1345\">\n<tbody>\n<tr>\n<td width=\"108\">Por.\u010d\u00edslo fakt\u00fary<\/td>\n<td width=\"460\">Dod\u00e1vate\u013e:<\/td>\n<td width=\"70\">I\u010cO<\/td>\n<td width=\"109\">Fakt\u00fara \u010d\u00edslo<\/td>\n<td width=\"356\">Popis objednan\u00e9ho plnenia<\/td>\n<td width=\"79\">Suma v EUR<\/td>\n<td width=\"163\">D\u00e1tum doru\u010denia fakt\u00fary<\/td>\n<\/tr>\n<tr>\n<td>247<\/td>\n<td>osobny\u00fadaj.sk, Ko\u0161ice, N\u00e1m. oslobodite\u013eov 3\/A, Ko\u0161ice<\/td>\n<td>50528041<\/td>\n<td>1023110980<\/td>\n<td>pau\u0161\u00e1lny poplatok &#8211; v\u00fdkon zodpovednej osoby&nbsp; 11\/2023<\/td>\n<td>36,00 \u20ac<\/td>\n<td>2.11.2023<\/td>\n<\/tr>\n<tr>\n<td>248<\/td>\n<td>VSE, a.s., Ko\u0161ice, Mlynsk\u00e1 31<\/td>\n<td>44483767<\/td>\n<td>7297816040<\/td>\n<td>elektrina &#8211; opravn\u00e1 fakt\u00fara<\/td>\n<td>-91,88 \u20ac<\/td>\n<td>2.11.2023<\/td>\n<\/tr>\n<tr>\n<td>249<\/td>\n<td>VSE, a.s., Ko\u0161ice, Mlynsk\u00e1 31<\/td>\n<td>44483767<\/td>\n<td>7295506688<\/td>\n<td>elektrina &#8211; opravn\u00e1 fakt\u00fara<\/td>\n<td>-61,60 \u20ac<\/td>\n<td>2.11.2023<\/td>\n<\/tr>\n<tr>\n<td>250<\/td>\n<td>VSE, a.s., Ko\u0161ice, Mlynsk\u00e1 31<\/td>\n<td>44483767<\/td>\n<td>7295054147<\/td>\n<td>elektrina &#8211; opravn\u00e1 fakt\u00fara<\/td>\n<td>-37,19 \u20ac<\/td>\n<td>2.11.2023<\/td>\n<\/tr>\n<tr>\n<td>251<\/td>\n<td>VSE, a.s., Ko\u0161ice, Mlynsk\u00e1 31<\/td>\n<td>44483767<\/td>\n<td>7299403243<\/td>\n<td>elektrina &#8211; opravn\u00e1 fakt\u00fara<\/td>\n<td>-110,15 \u20ac<\/td>\n<td>2.11.2023<\/td>\n<\/tr>\n<tr>\n<td>252<\/td>\n<td>VSE, a.s., Ko\u0161ice, Mlynsk\u00e1 31<\/td>\n<td>44483767<\/td>\n<td>7299209087<\/td>\n<td>elektrina &#8211; opravn\u00e1 fakt\u00fara<\/td>\n<td>-118,12 \u20ac<\/td>\n<td>2.11.2023<\/td>\n<\/tr>\n<tr>\n<td>253<\/td>\n<td>SIGNAL-CODE, s.r.o., Lu\u010denec, Zvolensk\u00e1 cesta 31<\/td>\n<td>45697515<\/td>\n<td>FV20230731<\/td>\n<td>pau\u0161\u00e1lny poplatok&nbsp; 11\/2023<\/td>\n<td>60,00 \u20ac<\/td>\n<td>2.11.2023<\/td>\n<\/tr>\n<tr>\n<td>254<\/td>\n<td>VSE, a.s., Ko\u0161ice, Mlynsk\u00e1 31<\/td>\n<td>44483767<\/td>\n<td>7295092810<\/td>\n<td>elektrina &#8211; opravn\u00e1 fakt\u00fara<\/td>\n<td>-31,02 \u20ac<\/td>\n<td>2.11.2023<\/td>\n<\/tr>\n<tr>\n<td>255<\/td>\n<td>Bc. Kamil Krajn\u00e1k, Lu\u010denec &#8211; rev\u00edzny technik, Lu\u010denec, Bernol\u00e1kova 7<\/td>\n<td>46198563<\/td>\n<td>92\/2023<\/td>\n<td>rev\u00edzia el. zariaden\u00ed \u0161koly<\/td>\n<td>527,88 \u20ac<\/td>\n<td>3.11.2023<\/td>\n<\/tr>\n<tr>\n<td>256<\/td>\n<td>Mgr. Ladislav Kanaba, ABT, TPO, Lu\u010denec, M. Malinovsk\u00e9ho&nbsp; 3<\/td>\n<td>40616495<\/td>\n<td>119\/2023<\/td>\n<td>pr\u00e1ca technika BOZP a PO<\/td>\n<td>80,00 \u20ac<\/td>\n<td>7.11.2023<\/td>\n<\/tr>\n<tr>\n<td>257<\/td>\n<td>VSE, a.s., Ko\u0161ice, Mlynsk\u00e1 31<\/td>\n<td>44483767<\/td>\n<td>4414785575<\/td>\n<td>plyn<\/td>\n<td>2 985,10 \u20ac<\/td>\n<td>9.11.2023<\/td>\n<\/tr>\n<tr>\n<td>258<\/td>\n<td>Detronics, s.r.o., Zvolen, Buzuluck\u00e1 3<\/td>\n<td>45318565<\/td>\n<td>230142144<\/td>\n<td>pau\u0161\u00e1lny poplatok FiberLine Pro&nbsp; za mesiac 11\/2023<\/td>\n<td>42,00 \u20ac<\/td>\n<td>9.11.2023<\/td>\n<\/tr>\n<tr>\n<td>259<\/td>\n<td>Sierra Enterprises, s.r.o., Lu\u010denec, Fi\u013e. Cesta 285<\/td>\n<td>22600066<\/td>\n<td>23600331<\/td>\n<td>\u010distenie OTL<\/td>\n<td>360,00 \u20ac<\/td>\n<td>10.11.2023<\/td>\n<\/tr>\n<tr>\n<td>260<\/td>\n<td>\u0160evt, a.s., Bansk\u00e1 Bystrica, Cement\u00e1rensk\u00e1 cesta 16<\/td>\n<td>31331131<\/td>\n<td>2232201064<\/td>\n<td>tla\u010div\u00e1&nbsp;<\/td>\n<td>11,66 \u20ac<\/td>\n<td>10.11.2023<\/td>\n<\/tr>\n<tr>\n<td>261<\/td>\n<td>StVPS, a.s., Bansk\u00e1 Bystrica, Partiz\u00e1nska cesta 5<\/td>\n<td>36644030<\/td>\n<td>2231261373<\/td>\n<td>vodn\u00e9 a sto\u010dn\u00e9&nbsp;<\/td>\n<td>10,98 \u20ac<\/td>\n<td>10.11.2023<\/td>\n<\/tr>\n<tr>\n<td>262<\/td>\n<td>O2 Slovakia, s.r.o., Bratislava, Einsteinova 24<\/td>\n<td>35848863<\/td>\n<td>1501455388<\/td>\n<td>telekomunika\u010dn\u00e9 slu\u017eby&nbsp;<\/td>\n<td>62,00 \u20ac<\/td>\n<td>13.11.2023<\/td>\n<\/tr>\n<tr>\n<td>263<\/td>\n<td>INTA, s.r.o.,&nbsp; Tren\u010d\u00edn, Ryb\u00e1rska 18<\/td>\n<td>34129863<\/td>\n<td>ODBRO23100676<\/td>\n<td>odber kuchynsk\u00e9ho odberu<\/td>\n<td>30,00 \u20ac<\/td>\n<td>14.11.2023<\/td>\n<\/tr>\n<tr>\n<td>264<\/td>\n<td>StVPS, a.s., Bansk\u00e1 Bystrica, Partiz\u00e1nska cesta 5<\/td>\n<td>36644030<\/td>\n<td>2231264959<\/td>\n<td>vodn\u00e9 a sto\u010dn\u00e9&nbsp;<\/td>\n<td>777,13 \u20ac<\/td>\n<td>15.11.2023<\/td>\n<\/tr>\n<tr>\n<td>265<\/td>\n<td>Elektrosped, a.s., Senec, Dia\u013eni\u010dn\u00e1 cesta 12A<\/td>\n<td>35765038<\/td>\n<td>6634303754<\/td>\n<td>chladni\u010dka<\/td>\n<td>813,90 \u20ac<\/td>\n<td>15.11.2023<\/td>\n<\/tr>\n<tr>\n<td>266<\/td>\n<td>Boz\u00f3 Ladislav &#8211; M\u00e1ria, Lu\u010denec, Mal\u00e1 Ves, Hlavn\u00e1 9<\/td>\n<td>37894323<\/td>\n<td>202313<\/td>\n<td>katol\u00edcke kalend\u00e1re<\/td>\n<td>62,00 \u20ac<\/td>\n<td>20.11.2023<\/td>\n<\/tr>\n<tr>\n<td>267<\/td>\n<td>Hanko, s.r.o., Tren\u010d\u00edn, Hod\u017eova 65<\/td>\n<td>46431225<\/td>\n<td>2023112<\/td>\n<td>kovov\u00e9 skrinky pre \u017eiakov<\/td>\n<td>9 150,00 \u20ac<\/td>\n<td>21.11.2023<\/td>\n<\/tr>\n<tr>\n<td>268<\/td>\n<td>Gastromania CZ, s.r.o., \u010cesk\u00fd T\u011b\u0161\u00edn, Fr\u00fddeck\u00e1 827\/21<\/td>\n<td>28654684<\/td>\n<td>23SK02201<\/td>\n<td>kuch. Potreby<\/td>\n<td>107,30 \u20ac<\/td>\n<td>21.11.2023<\/td>\n<\/tr>\n<tr>\n<td>269<\/td>\n<td>LIDL, v.o.s., Bratislava,&nbsp; Ru\u017einovsk\u00e1 1E<\/td>\n<td>&nbsp;<\/td>\n<td>1020320<\/td>\n<td>dar\u010dek. Pouk\u00e1\u017eky<\/td>\n<td>1 240,00 \u20ac<\/td>\n<td>23.11.2023<\/td>\n<\/tr>\n<tr>\n<td>270<\/td>\n<td>MERDOK, s.r.o., Vidin\u00e1, Exn\u00e1rova 1<\/td>\n<td>47356707<\/td>\n<td>10112023<\/td>\n<td>bojler do kuchyne<\/td>\n<td>660,00 \u20ac<\/td>\n<td>24.11.2023<\/td>\n<\/tr>\n<tr>\n<td>271<\/td>\n<td>Smartim, s.r.o., Lu\u010denec, Dr. Vodu 20<\/td>\n<td>47082658<\/td>\n<td>20230068<\/td>\n<td>PHZ tovary<\/td>\n<td>240,00 \u20ac<\/td>\n<td>27.11.2023<\/td>\n<\/tr>\n<tr>\n<td>272<\/td>\n<td>FOREX-SK, s.r.o., Lu\u010denec<\/td>\n<td>36051918<\/td>\n<td>202311055<\/td>\n<td>hygienick\u00e9 potreby<\/td>\n<td>92,74 \u20ac<\/td>\n<td>28.11.2023<\/td>\n<\/tr>\n<tr>\n<td>273<\/td>\n<td>Valman, s.r.o., Bansk\u00e1 Bystrica, Nov\u00fd svet 27<\/td>\n<td>44473761<\/td>\n<td>23221821<\/td>\n<td>\u0161kolsk\u00e9 ovocie<\/td>\n<td>0,00 \u20ac<\/td>\n<td>28.11.2023<\/td>\n<\/tr>\n<tr>\n<td>274<\/td>\n<td>Dr. Jozef Raabe Slovensko, s.r.o., Bratislava, Heydukova 12-14<\/td>\n<td>35908718<\/td>\n<td>202319397<\/td>\n<td>biologia &#8211; u\u010debnice<\/td>\n<td>144,00 \u20ac<\/td>\n<td>30.11.2023<\/td>\n<\/tr>\n<tr>\n<td>275<\/td>\n<td>SZ\u0160 s M\u0160 DSA, Lu\u010denec, Kub\u00ednyiho 6<\/td>\n<td>35991607<\/td>\n<td>1\/11\/2023<\/td>\n<td>Strava 11\/2023<\/td>\n<td>5 637,50 \u20ac<\/td>\n<td>30.11.2023<\/td>\n<\/tr>\n<tr>\n<td>276<\/td>\n<td>SZ\u0160 s M\u0160 DSA, Lu\u010denec, Kub\u00ednyiho 6<\/td>\n<td>35991607<\/td>\n<td>2\/11\/2023<\/td>\n<td>RN\u017d zamestnanci 11\/2023<\/td>\n<td>392,40 \u20ac<\/td>\n<td>30.11.2023<\/td>\n<\/tr>\n<tr>\n<td>277<\/td>\n<td>SZ\u0160 s M\u0160 DSA, Lu\u010denec, Kub\u00ednyiho 6<\/td>\n<td>35991607<\/td>\n<td>RN\u017d 1\/11\/2023<\/td>\n<td>RN\u017d \u017eiaci 11\/2023<\/td>\n<td>1 008,80 \u20ac<\/td>\n<td>30.11.2023<\/td>\n<\/tr>\n<tr>\n<td>278<\/td>\n<td>Krp\u010diar Pavel, Lu\u010denec, P. T\u00f3tha 33<\/td>\n<td>&nbsp;<\/td>\n<td>1\/11\/2023 PS<\/td>\n<td>preprava stravy za 11\/2023<\/td>\n<td>70,00 \u20ac<\/td>\n<td>30.11.2023<\/td>\n<\/tr>\n<tr>\n<td>279<\/td>\n<td>ESV plus, s.r.o., Lu\u010denec, Poto\u010dn\u00e1 145\/43<\/td>\n<td>36642321<\/td>\n<td>359\/2023<\/td>\n<td>potreby \u0161J<\/td>\n<td>76,80 \u20ac<\/td>\n<td>30.11.2023<\/td>\n<\/tr>\n<tr>\n<td>280<\/td>\n<td>ESV plus, s.r.o., Lu\u010denec, Poto\u010dn\u00e1 145\/43<\/td>\n<td>36642321<\/td>\n<td>360\/2023<\/td>\n<td>kancel\u00e1rske potreby<\/td>\n<td>295,80 \u20ac<\/td>\n<td>30.11.2023<\/td>\n<\/tr>\n<\/tbody>\n<\/table>\n\n\n","protected":false},"excerpt":{"rendered":"<p>Por.\u010d\u00edslo fakt\u00fary Dod\u00e1vate\u013e: I\u010cO Fakt\u00fara \u010d\u00edslo Popis objednan\u00e9ho plnenia Suma v EUR D\u00e1tum doru\u010denia fakt\u00fary 247 osobny\u00fadaj.sk, Ko\u0161ice, N\u00e1m. oslobodite\u013eov 3\/A, Ko\u0161ice 50528041 1023110980 pau\u0161\u00e1lny poplatok &#8211; v\u00fdkon zodpovednej osoby&nbsp; 11\/2023 36,00 \u20ac 2.11.2023 248 VSE, a.s., Ko\u0161ice, Mlynsk\u00e1 31 44483767 7297816040 elektrina &#8211; opravn\u00e1 fakt\u00fara -91,88 \u20ac 2.11.2023 249 &hellip;<\/p>\n","protected":false},"author":1,"featured_media":0,"parent":0,"menu_order":0,"comment_status":"closed","ping_status":"closed","template":"","meta":{"ngg_post_thumbnail":0,"footnotes":""},"class_list":["post-30828","page","type-page","status-publish","hentry"],"aioseo_notices":[],"_links":{"self":[{"href":"https:\/\/www.czslc.sk\/index.php?rest_route=\/wp\/v2\/pages\/30828","targetHints":{"allow":["GET"]}}],"collection":[{"href":"https:\/\/www.czslc.sk\/index.php?rest_route=\/wp\/v2\/pages"}],"about":[{"href":"https:\/\/www.czslc.sk\/index.php?rest_route=\/wp\/v2\/types\/page"}],"author":[{"embeddable":true,"href":"https:\/\/www.czslc.sk\/index.php?rest_route=\/wp\/v2\/users\/1"}],"replies":[{"embeddable":true,"href":"https:\/\/www.czslc.sk\/index.php?rest_route=%2Fwp%2Fv2%2Fcomments&post=30828"}],"version-history":[{"count":1,"href":"https:\/\/www.czslc.sk\/index.php?rest_route=\/wp\/v2\/pages\/30828\/revisions"}],"predecessor-version":[{"id":30829,"href":"https:\/\/www.czslc.sk\/index.php?rest_route=\/wp\/v2\/pages\/30828\/revisions\/30829"}],"wp:attachment":[{"href":"https:\/\/www.czslc.sk\/index.php?rest_route=%2Fwp%2Fv2%2Fmedia&parent=30828"}],"curies":[{"name":"wp","href":"https:\/\/api.w.org\/{rel}","templated":true}]}}