{"id":29446,"date":"2023-03-23T12:07:53","date_gmt":"2023-03-23T10:07:53","guid":{"rendered":"https:\/\/www.czslc.sk\/?page_id=29446"},"modified":"2024-01-12T16:19:36","modified_gmt":"2024-01-12T14:19:36","slug":"2023-2","status":"publish","type":"page","link":"https:\/\/www.czslc.sk\/?page_id=29446","title":{"rendered":"2023"},"content":{"rendered":"\n<table width=\"1135\">\n<tbody>\n<tr>\n<td width=\"421\">Dod\u00e1vate\u013e<\/td>\n<td width=\"113\">\u010c\u00edslo objedn\u00e1vky<\/td>\n<td width=\"190\">D\u00e1tum odoslania objedn\u00e1vky<\/td>\n<td width=\"411\">\u00da\u010del<\/td>\n<\/tr>\n<tr>\n<td>Jozef Krn\u00e1\u010d, Lu\u010denec, rev\u00edzny technik, Jasn\u00e1 14, Lu\u010denec<\/td>\n<td>1\/2023<\/td>\n<td>10.1.2023<\/td>\n<td>pravideln\u00e1 rev\u00edzia&nbsp; &#8211; kom\u00edny<\/td>\n<\/tr>\n<tr>\n<td>Slovensk\u00e1 leg\u00e1lna metrol\u00f3gia, n.o., Hviezdoslavova 31, B. Bystrica<\/td>\n<td>2\/2023<\/td>\n<td>13.1.2023<\/td>\n<td>pravideln\u00e1 rev\u00edzia &#8211; kuchynsk\u00e9 meradl\u00e1<\/td>\n<\/tr>\n<tr>\n<td>Roman Mesiarik &#8211; REVTECH, F. Kr\u00e1\u013ea 53\/11, \u017darnovica<\/td>\n<td>3\/2023<\/td>\n<td>23.1.2023<\/td>\n<td>pravideln\u00e1 rev\u00edzia &#8211; \u0161portov\u00e9 zariadenie telocvi\u010dne a posil\u0148ovne<\/td>\n<\/tr>\n<tr>\n<td>J+A, s.r.o., Vidin\u00e1, Zvolensk\u00e1 29<\/td>\n<td>4\/2023<\/td>\n<td>23.1.2023<\/td>\n<td>pravideln\u00e1 rev\u00edzia hasiacich pr\u00edstrojov&nbsp;<\/td>\n<\/tr>\n<tr>\n<td>SPOOL, a.s.., Lu\u010denec, Dr. Herza 23<\/td>\n<td>5\/2023<\/td>\n<td>30.1.2023<\/td>\n<td>oprava odpoadov\u00e9ho potrubia v \u0161kolskej jed\u00e1lni<\/td>\n<\/tr>\n<tr>\n<td>Rezidence M, s.r.o., Mestsk\u00fd park, Lu\u010denec<\/td>\n<td>6\/2023<\/td>\n<td>28.3.2023<\/td>\n<td>sl\u00e1vnostn\u00fd obed pre zamestnancov \u0161koly<\/td>\n<\/tr>\n<tr>\n<td>365 services, s.r.o., Bratislava, Vl\u00e1rska 76<\/td>\n<td>7\/2023<\/td>\n<td>10.5.2023<\/td>\n<td>1 ks LCD dotykov\u00fd panel<\/td>\n<\/tr>\n<tr>\n<td>VK\u00da Harmanec, s.r.o., Kynce\u013eov\u00e1&nbsp;<\/td>\n<td>8\/2023<\/td>\n<td>17.5.2023<\/td>\n<td>2x magnetick\u00e1 mapa&nbsp; v hlin\u00edkovom r\u00e1me<\/td>\n<\/tr>\n<tr>\n<td>DOXX &#8211; stravn\u00e9 l\u00edstky, s.r.o., \u017dilina<\/td>\n<td>9\/2023<\/td>\n<td>19.6.2023<\/td>\n<td>stravn\u00e9 l\u00edstky 400 ks<\/td>\n<\/tr>\n<tr>\n<td>MERDOK, s.r.o., Vidin\u00e1, Exn\u00e1rova 1<\/td>\n<td>10\/2023<\/td>\n<td>19.7.2023<\/td>\n<td>pravideln\u00e1 rev\u00edzia plynov\u00fdch spotrebi\u010dov<\/td>\n<\/tr>\n<tr>\n<td>GUMEX SK, s.r.o., Bratislava, Star\u00e1 Ivansk\u00e1 cesta 1E<\/td>\n<td>11\/2023<\/td>\n<td>4.8.2023<\/td>\n<td>objedn\u00e1vka tovaru pod\u013ea cenovej ponuky \u010d. 670301091<\/td>\n<\/tr>\n<tr>\n<td>B\u00c1BOLNA BIO SLOVENSKO, s.r.o., Lu\u010denec, Mieru 5912<\/td>\n<td>12\/2023<\/td>\n<td>24.8.2023<\/td>\n<td>deratiz\u00e1cia priestorov \u0161koly<\/td>\n<\/tr>\n<tr>\n<td>FOREX &#8211; SK, s.r.o., Lu\u010denec, Jir\u00e1skova 12<\/td>\n<td>13\/2023<\/td>\n<td>5.9.2023<\/td>\n<td>toaletn\u00e9 a hygienick\u00e9 potreby<\/td>\n<\/tr>\n<tr>\n<td>HANKO, s.r.o., Hod\u017eova 65, Tren\u010d\u00edn<\/td>\n<td>14\/2023<\/td>\n<td>9.10.2023<\/td>\n<td>\u0161at\u0148ov\u00e9 skrinky<\/td>\n<\/tr>\n<tr>\n<td>Sierra Enterprises, s.r.o., Lu\u010denec, Fi\u013eakovsk\u00e1 cesta 285<\/td>\n<td>15\/2023<\/td>\n<td>9.10.2023<\/td>\n<td>\u010distenie OTL<\/td>\n<\/tr>\n<tr>\n<td>Ladislav Boz\u00f3 &#8211; M\u00e1ria, Lu\u010denec, Hlavn\u00e1 5\/9<\/td>\n<td>16\/2023<\/td>\n<td>16.10.2023<\/td>\n<td>31 ks kalend\u00e1rov na rok 2024<\/td>\n<\/tr>\n<tr>\n<td>Kamil Krajn\u00e1k, Lu\u010denec, Bernol\u00e1ka 7<\/td>\n<td>17\/2023<\/td>\n<td>16.10.2023<\/td>\n<td>rev\u00edzia elektrick\u00fdch zariaden\u00ed na\u0161ej \u0161koly<\/td>\n<\/tr>\n<tr>\n<td>FOREX &#8211; SK, s.r.o., Lu\u010denec, Jir\u00e1skova 12<\/td>\n<td>18\/2023<\/td>\n<td>20.11.2023<\/td>\n<td>toaletn\u00e9 hygienick\u00e9 potreby<\/td>\n<\/tr>\n<tr>\n<td>LIDL Slovensk\u00e1 republika, v.o.s., Bratislava, Ru\u017einovsk\u00e1 1E<\/td>\n<td>19\/2023<\/td>\n<td>22.11.2023<\/td>\n<td>dar\u010dekov\u00e9 pouk\u00e1\u017eky<\/td>\n<\/tr>\n<tr>\n<td>MERDOK, s.r.o., Vidin\u00e1, Exn\u00e1rova 1<\/td>\n<td>20\/2023<\/td>\n<td>22.11.2023<\/td>\n<td>bojler&nbsp;<\/td>\n<\/tr>\n<tr>\n<td>MERDOK, s.r.o., Vidin\u00e1, Exn\u00e1rova 1<\/td>\n<td>21\/2023<\/td>\n<td>4.12.2023<\/td>\n<td>oprava gamatky<\/td>\n<\/tr>\n<tr>\n<td>GASTRO-HAAL, s.r.o., Nov\u00e9 Z\u00e1mky, Pova\u017esk\u00e1 16<\/td>\n<td>22\/2023<\/td>\n<td>5.12.2023<\/td>\n<td>kuchynsk\u00fd riad<\/td>\n<\/tr>\n<tr>\n<td>Peter Kovan, s.r.o., Div\u00edn, Moyzesova 4<\/td>\n<td>23\/2023<\/td>\n<td>18.12.2023<\/td>\n<td>viano\u010dn\u00e9 posedenie<\/td>\n<\/tr>\n<tr>\n<td>MB TECH BB, s.r.o., Bansk\u00e1 Bystrica, Priemyseln\u00e1 2<\/td>\n<td>24\/2023<\/td>\n<td>28.12.2023<\/td>\n<td>elite Displey 4th gen 65<\/td>\n<\/tr>\n<\/tbody>\n<\/table>\n","protected":false},"excerpt":{"rendered":"<p>Dod\u00e1vate\u013e \u010c\u00edslo objedn\u00e1vky D\u00e1tum odoslania objedn\u00e1vky \u00da\u010del Jozef Krn\u00e1\u010d, Lu\u010denec, rev\u00edzny technik, Jasn\u00e1 14, Lu\u010denec 1\/2023 10.1.2023 pravideln\u00e1 rev\u00edzia&nbsp; &#8211; kom\u00edny Slovensk\u00e1 leg\u00e1lna metrol\u00f3gia, n.o., Hviezdoslavova 31, B. Bystrica 2\/2023 13.1.2023 pravideln\u00e1 rev\u00edzia &#8211; kuchynsk\u00e9 meradl\u00e1 Roman Mesiarik &#8211; REVTECH, F. Kr\u00e1\u013ea 53\/11, \u017darnovica 3\/2023 23.1.2023 pravideln\u00e1 rev\u00edzia &#8211; \u0161portov\u00e9 &hellip;<\/p>\n","protected":false},"author":1,"featured_media":0,"parent":0,"menu_order":0,"comment_status":"closed","ping_status":"closed","template":"","meta":{"ngg_post_thumbnail":0,"footnotes":""},"class_list":["post-29446","page","type-page","status-publish","hentry"],"aioseo_notices":[],"_links":{"self":[{"href":"https:\/\/www.czslc.sk\/index.php?rest_route=\/wp\/v2\/pages\/29446","targetHints":{"allow":["GET"]}}],"collection":[{"href":"https:\/\/www.czslc.sk\/index.php?rest_route=\/wp\/v2\/pages"}],"about":[{"href":"https:\/\/www.czslc.sk\/index.php?rest_route=\/wp\/v2\/types\/page"}],"author":[{"embeddable":true,"href":"https:\/\/www.czslc.sk\/index.php?rest_route=\/wp\/v2\/users\/1"}],"replies":[{"embeddable":true,"href":"https:\/\/www.czslc.sk\/index.php?rest_route=%2Fwp%2Fv2%2Fcomments&post=29446"}],"version-history":[{"count":4,"href":"https:\/\/www.czslc.sk\/index.php?rest_route=\/wp\/v2\/pages\/29446\/revisions"}],"predecessor-version":[{"id":30835,"href":"https:\/\/www.czslc.sk\/index.php?rest_route=\/wp\/v2\/pages\/29446\/revisions\/30835"}],"wp:attachment":[{"href":"https:\/\/www.czslc.sk\/index.php?rest_route=%2Fwp%2Fv2%2Fmedia&parent=29446"}],"curies":[{"name":"wp","href":"https:\/\/api.w.org\/{rel}","templated":true}]}}