{"id":27368,"date":"2022-03-22T15:07:42","date_gmt":"2022-03-22T13:07:42","guid":{"rendered":"https:\/\/www.czslc.sk\/?page_id=27368"},"modified":"2023-01-11T10:15:14","modified_gmt":"2023-01-11T08:15:14","slug":"rok-2022","status":"publish","type":"page","link":"https:\/\/www.czslc.sk\/?page_id=27368","title":{"rendered":"Rok 2022"},"content":{"rendered":"\n<table id=\"wp-table-reloaded-id-101-no-1\" class=\"wp-table-reloaded wp-table-reloaded-id-101\" style=\"width: 100%; height: 288px;\">\n<tbody>\n<tr class=\"row-1 odd\" style=\"height: 24px;\">\n<td class=\"column-1\" style=\"height: 24px; width: 61.6379%;\"><a href=\"https:\/\/www.czslc.sk\/?page_id=27373\">Janu\u00e1r 2022<\/a><\/td>\n<\/tr>\n<tr class=\"row-2 even\" style=\"height: 24px;\">\n<td class=\"column-1\" style=\"height: 24px; width: 61.6379%;\"><a href=\"https:\/\/www.czslc.sk\/?page_id=27376\">Febru\u00e1r 2022<\/a><\/td>\n<\/tr>\n<tr class=\"row-3 odd\" style=\"height: 24px;\">\n<td class=\"column-1\" style=\"height: 24px; width: 61.6379%;\"><a href=\"https:\/\/www.czslc.sk\/?page_id=27378\">Marec 2022<\/a><\/td>\n<\/tr>\n<tr class=\"row-4 even\" style=\"height: 24px;\">\n<td class=\"column-1\" style=\"height: 24px; width: 61.6379%;\"><a href=\"https:\/\/www.czslc.sk\/?page_id=27520\">Apr\u00edl 2022<\/a><\/td>\n<\/tr>\n<tr class=\"row-5 odd\" style=\"height: 24px;\">\n<td class=\"column-1\" style=\"height: 24px; width: 61.6379%;\"><a href=\"https:\/\/www.czslc.sk\/?page_id=27746\">M\u00e1j 2022<\/a><\/td>\n<\/tr>\n<tr class=\"row-6 even\" style=\"height: 24px;\">\n<td class=\"column-1\" style=\"height: 24px; width: 61.6379%;\"><a href=\"https:\/\/www.czslc.sk\/?page_id=27928\">J\u00fan 2022<\/a><\/td>\n<\/tr>\n<tr class=\"row-7 odd\" style=\"height: 24px;\">\n<td class=\"column-1\" style=\"height: 24px; width: 61.6379%;\"><a href=\"https:\/\/www.czslc.sk\/?page_id=27930\">J\u00fal 2022<\/a><\/td>\n<\/tr>\n<tr class=\"row-8 even\" style=\"height: 24px;\">\n<td class=\"column-1\" style=\"height: 24px; width: 61.6379%;\"><a href=\"https:\/\/www.czslc.sk\/?page_id=27967\">August 2022<\/a><\/td>\n<\/tr>\n<tr class=\"row-9 odd\" style=\"height: 24px;\">\n<td class=\"column-1\" style=\"height: 24px; width: 61.6379%;\"><a href=\"https:\/\/www.czslc.sk\/?page_id=28389\">September 2022<\/a><\/td>\n<\/tr>\n<tr class=\"row-10 even\" style=\"height: 24px;\">\n<td class=\"column-1\" style=\"height: 24px; width: 61.6379%;\"><a href=\"https:\/\/www.czslc.sk\/?page_id=28651\">Okt\u00f3ber 2022<\/a><\/td>\n<\/tr>\n<tr class=\"row-11 odd\" style=\"height: 24px;\">\n<td class=\"column-1\" style=\"height: 24px; width: 61.6379%;\"><a href=\"https:\/\/www.czslc.sk\/?page_id=28913\">November 2022<\/a><\/td>\n<\/tr>\n<tr style=\"height: 24px;\">\n<td style=\"width: 61.6379%; height: 24px;\"><a href=\"https:\/\/www.czslc.sk\/?page_id=28968\">December 2022<\/a><\/td>\n<\/tr>\n<\/tbody>\n<\/table>\n\n\n","protected":false},"excerpt":{"rendered":"<p>Janu\u00e1r 2022 Febru\u00e1r 2022 Marec 2022 Apr\u00edl 2022 M\u00e1j 2022 J\u00fan 2022 J\u00fal 2022 August 2022 September 2022 Okt\u00f3ber 2022 November 2022 December 2022<\/p>\n","protected":false},"author":1,"featured_media":0,"parent":0,"menu_order":0,"comment_status":"closed","ping_status":"closed","template":"","meta":{"ngg_post_thumbnail":0,"footnotes":""},"class_list":["post-27368","page","type-page","status-publish","hentry"],"aioseo_notices":[],"_links":{"self":[{"href":"https:\/\/www.czslc.sk\/index.php?rest_route=\/wp\/v2\/pages\/27368","targetHints":{"allow":["GET"]}}],"collection":[{"href":"https:\/\/www.czslc.sk\/index.php?rest_route=\/wp\/v2\/pages"}],"about":[{"href":"https:\/\/www.czslc.sk\/index.php?rest_route=\/wp\/v2\/types\/page"}],"author":[{"embeddable":true,"href":"https:\/\/www.czslc.sk\/index.php?rest_route=\/wp\/v2\/users\/1"}],"replies":[{"embeddable":true,"href":"https:\/\/www.czslc.sk\/index.php?rest_route=%2Fwp%2Fv2%2Fcomments&post=27368"}],"version-history":[{"count":12,"href":"https:\/\/www.czslc.sk\/index.php?rest_route=\/wp\/v2\/pages\/27368\/revisions"}],"predecessor-version":[{"id":28972,"href":"https:\/\/www.czslc.sk\/index.php?rest_route=\/wp\/v2\/pages\/27368\/revisions\/28972"}],"wp:attachment":[{"href":"https:\/\/www.czslc.sk\/index.php?rest_route=%2Fwp%2Fv2%2Fmedia&parent=27368"}],"curies":[{"name":"wp","href":"https:\/\/api.w.org\/{rel}","templated":true}]}}