{"id":24978,"date":"2019-11-12T19:34:26","date_gmt":"2019-11-12T17:34:26","guid":{"rendered":"https:\/\/www.czslc.sk\/?page_id=24978"},"modified":"2025-10-13T12:22:15","modified_gmt":"2025-10-13T10:22:15","slug":"karierny-poradca","status":"publish","type":"page","link":"https:\/\/www.czslc.sk\/?page_id=24978","title":{"rendered":"Kari\u00e9rny poradca"},"content":{"rendered":"\n<p style=\"text-align: center;\"><strong>Konzulta\u010dn\u00e9 hodiny pre rodi\u010dov<\/strong><\/p>\n<p style=\"text-align: center;\"><strong>utorok &nbsp;10:55 hod.&nbsp; \u2013&nbsp; 12:35&nbsp;hod.<\/strong>&nbsp;(4. \u2013 5. vyu\u010dovacia hodina)<\/p>\n<p style=\"text-align: center;\">STREDA &nbsp; 12.00 \u2013 13.30 hod.<\/p>\n<p style=\"text-align: center;\">Po dohode aj v in\u00fd de\u0148 a v inom \u010dase<\/p>\n<p style=\"text-align: center;\">Tel. kontakt: 047\/43 33 787<\/p>\n<p style=\"text-align: center;\">Hlavn\u00e9 oblasti kari\u00e9rneho poradenstva<\/p>\n<p>Kari\u00e9rny poradca vykon\u00e1va \u010dinnosti v oblasti pr\u00edpravy \u017eiakov na ich vstup na trh pr\u00e1ce. Pom\u00e1ha \u017eiakom, aby sa dok\u00e1zali orientova\u0165 vo svojich mo\u017enostiach a schopnostiach, aby vedeli re\u00e1lne pos\u00fadi\u0165 svoje pl\u00e1ny a ciele, zaradi\u0165 sa do \u0161tudijn\u00e9ho, pracovn\u00e9ho a spolo\u010densk\u00e9ho \u017eivota, orientova\u0165 sa v mno\u017estve inform\u00e1ci\u00ed, vo svojom pre\u017e\u00edvan\u00ed a v rozv\u00edjan\u00ed pracovn\u00fdch zru\u010dnost\u00ed a n\u00e1vykov. Ide o proces, v ktorom sa cielene uzatv\u00e1raj\u00fa v\u00e4zby a rovnov\u00e1ha medzi \u017eiakom a trhom pr\u00e1ce. Kari\u00e9rny poradca podporuje \u017eiaka v h\u013eadan\u00ed rie\u0161enia, vedie s n\u00edm rozhovor, sprev\u00e1dza ho v jeho pl\u00e1noch, povzbudzuje ho, motivuje k n\u00e1jdeniu si vhodn\u00e9ho \u0161tudijn\u00e9ho odboru na strednej \u0161kole a&nbsp;n\u00e1sledn\u00e9 zamestnanie sa.<\/p>\n<h5><a href=\"https:\/\/www.czslc.sk\/?wpfb_dl=600\">Zoznam stredn\u00fdch \u0161k\u00f4l<\/a><br \/><br \/><a href=\"https:\/\/www.czslc.sk\/?wpfb_dl=599\">D\u00f4le\u017eit\u00e9 webov\u00e9 str\u00e1nky pre \u017eiakov a&nbsp;rodi\u010dov 9. ro\u010dn\u00edka &nbsp;<\/a><\/h5>\n<div>&nbsp;<\/div>\n<div>\n<h2><span style=\"color: #ff0000;\"><strong>Prij\u00edmacie konanie na stredn\u00e9 \u0161koly<\/strong><\/span><\/h2>\n<h3><a href=\"https:\/\/www.czslc.sk\/?wpfb_dl=843\"><strong>Term\u00edny konania prij\u00edmac\u00edch sk\u00fa\u0161ok na stredn\u00e9 \u0161koly pre \u0161kolsk\u00fd rok 2026\/2027 a term\u00edn zverejnenia zoznamu uch\u00e1dza\u010dov pod\u013ea v\u00fdsledkov prij\u00edmacieho konania pre \u0161kolsk\u00fd rok 2026\/2027<\/strong><\/a><\/h3>\n<p>&nbsp;<\/p>\n<p><strong>Inform\u00e1cie o pod\u00e1van\u00ed prihl\u00e1\u0161ok na stredn\u00e9 \u0161koly<\/strong><\/p>\n<p>1.janu\u00e1ra 2022 nadobudla \u00fa\u010dinnos\u0165 novela \u0161kolsk\u00e9ho z\u00e1kona \u010d. 415\/2021 Z. z., ktor\u00e1 upravuje priebeh a organiz\u00e1ciu prij\u00edmacieho konania pre \u0161kolsk\u00fd rok 2024\/2025. Novela \u0161kolsk\u00e9ho z\u00e1kona upravuje sp\u00f4sob pod\u00e1vania prihl\u00e1\u0161ky na vzdel\u00e1vanie v strednej \u0161kole.<\/p>\n<p>Po novom bude z\u00e1konn\u00fd z\u00e1stupca&nbsp;<strong>vyp\u013a\u0148a\u0165 iba jednu prihl\u00e1\u0161ku<\/strong>, v&nbsp;ktorej sa v porad\u00ed pod\u013ea z\u00e1ujmu uv\u00e1dzaj\u00fa najviac dva odbory vzdel\u00e1vania, ktor\u00e9 nevy\u017eaduj\u00fa overenie \u0161peci\u00e1lnych schopnost\u00ed, zru\u010dnost\u00ed a nadania (\u010falej len \u201enetalentov\u00e9 odbory\u201c), a najviac dva odbory vzdel\u00e1vania, ktor\u00e9 vy\u017eaduj\u00fa overenie \u0161peci\u00e1lnych schopnost\u00ed, zru\u010dnost\u00ed a nadania (\u010falej len \u201etalentov\u00e9 odbory\u201c).<\/p>\n<p><strong>&nbsp;<\/strong><\/p>\n<p><strong>Od \u0161kolsk\u00e9ho roka 2023\/2024 doch\u00e1dza k zmen\u00e1m v prij\u00edmacom konan\u00ed, ktor\u00e9 &nbsp;&nbsp;&nbsp;&nbsp;&nbsp;&nbsp;&nbsp;&nbsp;&nbsp;vypl\u00fdvaj\u00fa zo z\u00e1kona \u010d. 182\/2023 Z. z.<\/strong><\/p>\n<p>V prij\u00edmacom konan\u00ed na stredn\u00e9 \u0161koly sa doru\u010duj\u00fa len rozhodnutia z\u00e1konn\u00fdm &nbsp;&nbsp;z\u00e1stupcom uch\u00e1dza\u010dov alebo plnolet\u00fdm uch\u00e1dza\u010dom, ktor\u00ed neboli prijat\u00ed alebo p\u00edsomne potvrdili prijatie na stredn\u00fa \u0161kolu. Nezasielaj\u00fa sa, ak uch\u00e1dza\u010d bol prijat\u00fd, ale prijatie p\u00edsomne nepotvrdil, t. j. pre informovanie z\u00e1konn\u00fdch z\u00e1stupcov uch\u00e1dza\u010dov alebo plnolet\u00fdch uch\u00e1dza\u010dov o prijat\u00ed resp. neprijat\u00ed na stredn\u00fa \u0161kolu sa vo v\u00e4\u010d\u0161ej miere stane relevantn\u00fdm zverejnen\u00fd zoznam uch\u00e1dza\u010dov pod\u013ea v\u00fdsledkov prijatia.<\/p>\n<\/div>\n\n\n\n<p>www \u2013 str\u00e1nky&nbsp; pre 9 a&nbsp;ich rodi\u010dov<\/p>\n<p><a href=\"http:\/\/www.profesiadays.sk\">www.profesiadays.sk<\/a><\/p>\n<p><a href=\"http:\/\/www.profesia.sk\">www.profesia.sk<\/a><\/p>\n<p><a href=\"http:\/\/www.kariera.sk\">www.kariera.sk<\/a><\/p>\n<p><a href=\"http:\/\/www.platy.sk\">www.platy.sk<\/a><\/p>\n<p><a href=\"http:\/\/www.istp.sk\">www.istp.sk<\/a><\/p>\n","protected":false},"excerpt":{"rendered":"<p>Konzulta\u010dn\u00e9 hodiny pre rodi\u010dov utorok &nbsp;10:55 hod.&nbsp; \u2013&nbsp; 12:35&nbsp;hod.&nbsp;(4. \u2013 5. vyu\u010dovacia hodina) STREDA &nbsp; 12.00 \u2013 13.30 hod. Po dohode aj v in\u00fd de\u0148 a v inom \u010dase Tel. kontakt: 047\/43 33 787 Hlavn\u00e9 oblasti kari\u00e9rneho poradenstva Kari\u00e9rny poradca vykon\u00e1va \u010dinnosti v oblasti pr\u00edpravy \u017eiakov na ich vstup na &hellip;<\/p>\n","protected":false},"author":1,"featured_media":0,"parent":0,"menu_order":0,"comment_status":"closed","ping_status":"closed","template":"","meta":{"ngg_post_thumbnail":0,"footnotes":""},"class_list":["post-24978","page","type-page","status-publish","hentry"],"aioseo_notices":[],"_links":{"self":[{"href":"https:\/\/www.czslc.sk\/index.php?rest_route=\/wp\/v2\/pages\/24978","targetHints":{"allow":["GET"]}}],"collection":[{"href":"https:\/\/www.czslc.sk\/index.php?rest_route=\/wp\/v2\/pages"}],"about":[{"href":"https:\/\/www.czslc.sk\/index.php?rest_route=\/wp\/v2\/types\/page"}],"author":[{"embeddable":true,"href":"https:\/\/www.czslc.sk\/index.php?rest_route=\/wp\/v2\/users\/1"}],"replies":[{"embeddable":true,"href":"https:\/\/www.czslc.sk\/index.php?rest_route=%2Fwp%2Fv2%2Fcomments&post=24978"}],"version-history":[{"count":15,"href":"https:\/\/www.czslc.sk\/index.php?rest_route=\/wp\/v2\/pages\/24978\/revisions"}],"predecessor-version":[{"id":38278,"href":"https:\/\/www.czslc.sk\/index.php?rest_route=\/wp\/v2\/pages\/24978\/revisions\/38278"}],"wp:attachment":[{"href":"https:\/\/www.czslc.sk\/index.php?rest_route=%2Fwp%2Fv2%2Fmedia&parent=24978"}],"curies":[{"name":"wp","href":"https:\/\/api.w.org\/{rel}","templated":true}]}}