{"id":23407,"date":"2019-04-30T10:45:18","date_gmt":"2019-04-30T08:45:18","guid":{"rendered":"http:\/\/www.czslc.sk\/?page_id=23407"},"modified":"2019-10-27T10:38:14","modified_gmt":"2019-10-27T08:38:14","slug":"zmluvy-2019","status":"publish","type":"page","link":"https:\/\/www.czslc.sk\/?page_id=23407","title":{"rendered":"Zmluvy 2019"},"content":{"rendered":"\n<table style=\"width: 100%; height: 759px;\" width=\"960\">\n<tbody>\n<tr style=\"height: 24px;\">\n<td style=\"height: 24px;\" width=\"64\">Por. \u010d.&nbsp;<\/td>\n<td style=\"height: 24px;\" width=\"295\">Zmluvn\u00e1 strana<\/td>\n<td style=\"height: 24px;\" width=\"98\">S\u00eddlo<\/td>\n<td style=\"height: 24px;\" width=\"355\">Zmluva<\/td>\n<td style=\"height: 24px;\" width=\"148\">D\u00e1tum&nbsp;<\/td>\n<\/tr>\n<tr style=\"height: 45px;\">\n<td style=\"height: 45px;\">1<\/td>\n<td style=\"height: 45px;\">Cestovn\u00e1 kancel\u00e1ria Wachumba ck, s.r.o.<\/td>\n<td style=\"height: 45px;\">Martin<\/td>\n<td style=\"height: 45px;\">Zmluva o obstaran\u00ed z\u00e1jazdu<\/td>\n<td style=\"height: 45px;\">10.1.2019<\/td>\n<\/tr>\n<tr style=\"height: 45px;\">\n<td style=\"height: 45px;\">2<\/td>\n<td style=\"height: 45px;\">Renomia, s.r.o.,&nbsp;<\/td>\n<td style=\"height: 45px;\">Bratislava<\/td>\n<td style=\"height: 45px;\">Poistenie majetku a v\u0161eobecnej zodpovednosti<\/td>\n<td style=\"height: 45px;\">26.1.2019<\/td>\n<\/tr>\n<tr style=\"height: 45px;\">\n<td style=\"height: 45px;\">3<\/td>\n<td style=\"height: 45px;\">Stredn\u00e1 odborn\u00e1 \u0161kola pedagogick\u00e1,&nbsp;<\/td>\n<td style=\"height: 45px;\">Lu\u010denec<\/td>\n<td style=\"height: 45px;\">Zmluva o poskytovan\u00ed praktick\u00e9ho vyu\u010dovania<\/td>\n<td style=\"height: 45px;\">14.2.2019<\/td>\n<\/tr>\n<tr style=\"height: 45px;\">\n<td style=\"height: 45px;\">4<\/td>\n<td style=\"height: 45px;\">Union pois\u0165ov\u0148a<\/td>\n<td style=\"height: 45px;\">Bratislava<\/td>\n<td style=\"height: 45px;\">Poistn\u00e1 zmlua &#8211; zodpovednos\u0165 za \u0161kodu s pr\u00edlohami<\/td>\n<td style=\"height: 45px;\">28.2.2019<\/td>\n<\/tr>\n<tr style=\"height: 24px;\">\n<td style=\"height: 24px;\">5<\/td>\n<td style=\"height: 24px;\">Valman, s.r.o.<\/td>\n<td style=\"height: 24px;\">Ban. Bystrica<\/td>\n<td style=\"height: 24px;\">K\u00fapna zmluva na dod\u00e1vky ovocia, zeleniny&#8230;<\/td>\n<td style=\"height: 24px;\">22.3.2019<\/td>\n<\/tr>\n<tr style=\"height: 24px;\">\n<td style=\"height: 24px;\">5A<\/td>\n<td style=\"height: 24px;\">Mgr. \u017dofia Lackov\u00e1<\/td>\n<td style=\"height: 24px;\">Lu\u010denec<\/td>\n<td style=\"height: 24px;\">Zmluva o poskytnut\u00ed poradenstva<\/td>\n<td style=\"height: 24px;\">1.3.2019<\/td>\n<\/tr>\n<tr style=\"height: 45px;\">\n<td style=\"height: 45px;\">6<\/td>\n<td style=\"height: 45px;\">Konferencia biskupov Slovenska<\/td>\n<td style=\"height: 45px;\">Bratislava<\/td>\n<td style=\"height: 45px;\">Zmluva o poskytovan\u00ed fin. prostriedkov &#8211; RENOVABIS<\/td>\n<td style=\"height: 45px;\">25.3.2019<\/td>\n<\/tr>\n<tr style=\"height: 45px;\">\n<td style=\"height: 45px;\">7<\/td>\n<td style=\"height: 45px;\">Stredn\u00e1 odborn\u00e1 \u0161kola pedagogick\u00e1,&nbsp;<\/td>\n<td style=\"height: 45px;\">Lu\u010denec<\/td>\n<td style=\"height: 45px;\">Zmluva o pokytovan\u00ed praktick\u00e9ho vyu\u010dovania<\/td>\n<td style=\"height: 45px;\">10.4.2019<\/td>\n<\/tr>\n<tr style=\"height: 45px;\">\n<td style=\"height: 45px;\">8<\/td>\n<td style=\"height: 45px;\">Stredn\u00e1 odborn\u00e1 \u0161kola pedagogick\u00e1,&nbsp;<\/td>\n<td style=\"height: 45px;\">Lu\u010denec<\/td>\n<td style=\"height: 45px;\">Zmluva o pokytovan\u00ed praktick\u00e9ho vyu\u010dovania<\/td>\n<td style=\"height: 45px;\">26.4.2019<\/td>\n<\/tr>\n<tr style=\"height: 45px;\">\n<td style=\"height: 45px;\">9<\/td>\n<td style=\"height: 45px;\">Pro-Factor<\/td>\n<td style=\"height: 45px;\">Trnava<\/td>\n<td style=\"height: 45px;\">Kult\u00farny mesa\u010dn\u00edk &#8211; zmluva o plo\u0161nej inzercii<\/td>\n<td style=\"height: 45px;\">16.5.2019<\/td>\n<\/tr>\n<tr style=\"height: 24px;\">\n<td style=\"height: 24px;\">10<\/td>\n<td style=\"height: 24px;\">Ing. Ren\u00e1ta Seker\u00e1kov\u00e1&nbsp;<\/td>\n<td style=\"height: 24px;\">Lu\u010denec<\/td>\n<td style=\"height: 24px;\">Zmluva o dielo &#8211; pos\u00fadenie zdrav. Riz\u00edk<\/td>\n<td style=\"height: 24px;\">20.5.2019<\/td>\n<\/tr>\n<tr style=\"height: 24px;\">\n<td style=\"height: 24px;\">11<\/td>\n<td style=\"height: 24px;\">VUB, a.s. ,&nbsp;<\/td>\n<td style=\"height: 24px;\">Bratislava<\/td>\n<td style=\"height: 24px;\">Ozn\u00e1menie o zmene zmluvy o BU &#8211; hl. \u00fa\u010det<\/td>\n<td style=\"height: 24px;\">22.5.2019<\/td>\n<\/tr>\n<tr style=\"height: 45px;\">\n<td style=\"height: 45px;\">12<\/td>\n<td style=\"height: 45px;\">Mgr. Hana Dobrock\u00e1 &#8211; Hanezi<\/td>\n<td style=\"height: 45px;\">Lu\u010denec<\/td>\n<td style=\"height: 45px;\">Zmluva o dielo &#8211; plastov\u00e9 okn\u00e1 chodba I. poschodie<\/td>\n<td style=\"height: 45px;\">22.7.2019<\/td>\n<\/tr>\n<tr style=\"height: 24px;\">\n<td style=\"height: 24px;\">13<\/td>\n<td style=\"height: 24px;\">VUB, a.s. ,&nbsp;<\/td>\n<td style=\"height: 24px;\">Lu\u010denec<\/td>\n<td style=\"height: 24px;\">Zmluva o BU &#8211; projekt baobaby<\/td>\n<td style=\"height: 24px;\">2.9.2019<\/td>\n<\/tr>\n<tr style=\"height: 24px;\">\n<td style=\"height: 24px;\">14<\/td>\n<td style=\"height: 24px;\">Valman, s.r.o.<\/td>\n<td style=\"height: 24px;\">Ban. Bystrica<\/td>\n<td style=\"height: 24px;\">\u0160kolsk\u00fd program &#8211; \u0160kolsk\u00e9 ovocie<\/td>\n<td style=\"height: 24px;\">4.9.2019<\/td>\n<\/tr>\n<tr style=\"height: 45px;\">\n<td style=\"height: 45px;\">15<\/td>\n<td style=\"height: 45px;\">UPSVaR,&nbsp;<\/td>\n<td style=\"height: 45px;\">Lu\u010denec<\/td>\n<td style=\"height: 45px;\">Dohoda o zabezpe\u010den\u00ed podmienok &#8211; Moj\u017ei\u0161ov\u00e1<\/td>\n<td style=\"height: 45px;\">23.8.2019<\/td>\n<\/tr>\n<tr style=\"height: 24px;\">\n<td style=\"height: 24px;\">16<\/td>\n<td style=\"height: 24px;\">UPSVaR,&nbsp;<\/td>\n<td style=\"height: 24px;\">Lu\u010denec<\/td>\n<td style=\"height: 24px;\">Dohoda &#8211; pracuj v \u0160K (p. Ko\u0161\u0165\u00e1lov\u00e1)<\/td>\n<td style=\"height: 24px;\">26.8.2019<\/td>\n<\/tr>\n<tr style=\"height: 24px;\">\n<td style=\"height: 24px;\">17<\/td>\n<td style=\"height: 24px;\">Pavel Krp\u010diar<\/td>\n<td style=\"height: 24px;\">Lu\u010denec<\/td>\n<td style=\"height: 24px;\">Zmluva o prevoze stravy<\/td>\n<td style=\"height: 24px;\">31.8.2019<\/td>\n<\/tr>\n<tr style=\"height: 24px;\">\n<td style=\"height: 24px;\">18<\/td>\n<td style=\"height: 24px;\">SZ\u0160 s M\u0160 Lu\u010denec<\/td>\n<td style=\"height: 24px;\">Lu\u010denec<\/td>\n<td style=\"height: 24px;\">Zmluva o dod\u00e1vke stravy<\/td>\n<td style=\"height: 24px;\">30.8.2019<\/td>\n<\/tr>\n<tr style=\"height: 24px;\">\n<td style=\"height: 24px;\">19<\/td>\n<td style=\"height: 24px;\">SPOOL, a.s.,&nbsp;<\/td>\n<td style=\"height: 24px;\">Lu\u010denec<\/td>\n<td style=\"height: 24px;\">Zmluva o pr\u00edle\u017eitostnom n\u00e1jme<\/td>\n<td style=\"height: 24px;\">15.10.2019<\/td>\n<\/tr>\n<tr style=\"height: 45px;\">\n<td style=\"height: 45px;\">20<\/td>\n<td style=\"height: 45px;\">\u00darad vl\u00e1dy SR<\/td>\n<td style=\"height: 45px;\">Bratislava<\/td>\n<td style=\"height: 45px;\">Zmluva o poskytnut\u00ed dot\u00e1cie na podporu rozvoja \u0161portu<\/td>\n<td style=\"height: 45px;\">8.10.2019<\/td>\n<\/tr>\n<\/tbody>\n<\/table>\n","protected":false},"excerpt":{"rendered":"<p>Por. \u010d.&nbsp; Zmluvn\u00e1 strana S\u00eddlo Zmluva D\u00e1tum&nbsp; 1 Cestovn\u00e1 kancel\u00e1ria Wachumba ck, s.r.o. Martin Zmluva o obstaran\u00ed z\u00e1jazdu 10.1.2019 2 Renomia, s.r.o.,&nbsp; Bratislava Poistenie majetku a v\u0161eobecnej zodpovednosti 26.1.2019 3 Stredn\u00e1 odborn\u00e1 \u0161kola pedagogick\u00e1,&nbsp; Lu\u010denec Zmluva o poskytovan\u00ed praktick\u00e9ho vyu\u010dovania 14.2.2019 4 Union pois\u0165ov\u0148a Bratislava Poistn\u00e1 zmlua &#8211; zodpovednos\u0165 za &hellip;<\/p>\n","protected":false},"author":1,"featured_media":0,"parent":0,"menu_order":0,"comment_status":"closed","ping_status":"closed","template":"","meta":{"ngg_post_thumbnail":0,"footnotes":""},"class_list":["post-23407","page","type-page","status-publish","hentry"],"aioseo_notices":[],"_links":{"self":[{"href":"https:\/\/www.czslc.sk\/index.php?rest_route=\/wp\/v2\/pages\/23407","targetHints":{"allow":["GET"]}}],"collection":[{"href":"https:\/\/www.czslc.sk\/index.php?rest_route=\/wp\/v2\/pages"}],"about":[{"href":"https:\/\/www.czslc.sk\/index.php?rest_route=\/wp\/v2\/types\/page"}],"author":[{"embeddable":true,"href":"https:\/\/www.czslc.sk\/index.php?rest_route=\/wp\/v2\/users\/1"}],"replies":[{"embeddable":true,"href":"https:\/\/www.czslc.sk\/index.php?rest_route=%2Fwp%2Fv2%2Fcomments&post=23407"}],"version-history":[{"count":4,"href":"https:\/\/www.czslc.sk\/index.php?rest_route=\/wp\/v2\/pages\/23407\/revisions"}],"predecessor-version":[{"id":24812,"href":"https:\/\/www.czslc.sk\/index.php?rest_route=\/wp\/v2\/pages\/23407\/revisions\/24812"}],"wp:attachment":[{"href":"https:\/\/www.czslc.sk\/index.php?rest_route=%2Fwp%2Fv2%2Fmedia&parent=23407"}],"curies":[{"name":"wp","href":"https:\/\/api.w.org\/{rel}","templated":true}]}}