{"id":2259,"date":"2016-08-04T09:06:55","date_gmt":"2016-08-04T07:06:55","guid":{"rendered":"http:\/\/www.czssvjanabosca.sk\/?page_id=2259"},"modified":"2025-10-13T12:11:16","modified_gmt":"2025-10-13T10:11:16","slug":"terminy-prazdnin","status":"publish","type":"page","link":"https:\/\/www.czslc.sk\/?page_id=2259","title":{"rendered":"Term\u00edny pr\u00e1zdnin"},"content":{"rendered":"<p><strong>Term\u00edny pr\u00e1zdnin &#8211; \u0161kolsk\u00fd rok 2025\/2026<\/strong><\/p>\n<table width=\"721\">\n<tbody>\n<tr>\n<td colspan=\"2\" width=\"288\"><strong>&nbsp;<\/strong><\/p>\n<p><strong>&nbsp;<\/strong><\/p>\n<p><strong>&nbsp;<\/strong><\/p>\n<p><strong>PR\u00c1ZDNINY<\/strong><\/p>\n<p><strong>&nbsp;<\/strong><\/p>\n<p><strong>&nbsp;<\/strong><\/p>\n<p><strong>&nbsp;<\/strong><\/td>\n<td width=\"150\"><strong>&nbsp;<\/strong><\/p>\n<p><strong>&nbsp;<\/strong><\/p>\n<p><strong>&nbsp;<\/strong><\/p>\n<p><strong>Posledn\u00fd de\u0148 vyu\u010dovania pred&nbsp;za\u010diatkom pr\u00e1zdnin<\/strong><\/p>\n<p><strong>&nbsp;<\/strong><\/p>\n<p><strong>&nbsp;<\/strong><\/p>\n<p>&nbsp;<\/td>\n<td width=\"150\"><strong>Term\u00edn pr\u00e1zdnin<\/strong><\/td>\n<td width=\"133\"><strong>Za\u010diatok vyu\u010dovania po&nbsp;pr\u00e1zdnin\u00e1ch<\/strong><\/td>\n<\/tr>\n<tr>\n<td colspan=\"2\" width=\"288\"><strong>&nbsp;<\/strong><\/p>\n<p><strong>&nbsp;<\/strong><\/p>\n<p><strong>JESENN\u00c9<\/strong><\/td>\n<td width=\"150\">29. okt\u00f3ber 2025<\/p>\n<p>(streda)<\/td>\n<td width=\"150\">30 okt\u00f3ber \u2013<br \/>\n31. november 2025<\/td>\n<td width=\"133\">3. november 2025<br \/>\n(pondelok)<\/td>\n<\/tr>\n<tr>\n<td colspan=\"2\" width=\"288\"><strong>&nbsp;<\/strong><\/p>\n<p><strong>&nbsp;<\/strong><\/p>\n<p><strong>VIANO\u010cN\u00c9<\/strong><\/td>\n<td width=\"150\">19. december 2025<br \/>\n(piatok)<\/td>\n<td width=\"150\">22. december 2025<br \/>\n\u2013 7. janu\u00e1r 2026<\/td>\n<td width=\"133\">8. janu\u00e1r 2025<br \/>\n(\u0161tvrtok)<\/td>\n<\/tr>\n<tr>\n<td colspan=\"2\" width=\"288\"><strong>&nbsp;<\/strong><\/p>\n<p><strong>POLRO\u010cN\u00c9<\/strong><\/td>\n<td width=\"150\">30. janu\u00e1r 2026<br \/>\n(piatok)<\/td>\n<td width=\"150\">2. febru\u00e1r 2026<br \/>\n(pondelok)<\/td>\n<td width=\"133\">3. febru\u00e1r 2026<br \/>\n(utorok)<\/td>\n<\/tr>\n<tr>\n<td rowspan=\"3\" width=\"111\"><strong>&nbsp;<\/strong><\/p>\n<p><strong>&nbsp; &nbsp;JARN\u00c9<\/strong><\/td>\n<td width=\"177\">Bratislavsk\u00fd kraj, Nitriansky kraj, Trnavsk\u00fd kraj<\/td>\n<td width=\"150\">13. febru\u00e1r 2026<br \/>\n(piatok)<\/td>\n<td width=\"150\">16. febru\u00e1r \u2013<br \/>\n20. febru\u00e1r 2026<\/td>\n<td width=\"133\">23. febru\u00e1r 2026<br \/>\n(pondelok)<\/td>\n<\/tr>\n<tr>\n<td width=\"177\">Banskobystrick\u00fd kraj, \u017dilinsk\u00fd kraj, Tren\u010diansky kraj<\/td>\n<td width=\"150\">20. febru\u00e1r 2026<br \/>\n(piatok)<\/td>\n<td width=\"150\">23. febru\u00e1r \u2013<br \/>\n27. marec 2026<\/td>\n<td width=\"133\">2. marec 2026<br \/>\n(pondelok)<\/td>\n<\/tr>\n<tr>\n<td width=\"177\">Ko\u0161ick\u00fd kraj, Pre\u0161ovsk\u00fd kraj<\/td>\n<td width=\"150\">27. febru\u00e1r 2026<br \/>\n(piatok)<\/td>\n<td width=\"150\">2. marec \u2013<br \/>\n6. marec 2026<\/td>\n<td width=\"133\">9. marec 2026<br \/>\n(pondelok)<\/td>\n<\/tr>\n<tr>\n<td colspan=\"2\" width=\"288\"><strong>&nbsp;<\/strong><\/p>\n<p><strong>&nbsp;<\/strong><\/p>\n<p><strong>&nbsp;VE\u013dKONO\u010cN\u00c9<\/strong><\/td>\n<td width=\"150\">1. apr\u00edl 2026<br \/>\n(streda)<\/td>\n<td width=\"150\">2. apr\u00edl \u2013<br \/>\n7. apr\u00edl 2026<\/td>\n<td width=\"133\">8. apr\u00edl 2026<br \/>\n(streda)<\/td>\n<\/tr>\n<tr>\n<td colspan=\"2\" width=\"288\"><strong>&nbsp;<\/strong><\/p>\n<p><strong>&nbsp;<\/strong><\/p>\n<p><strong>&nbsp; LETN\u00c9<\/strong><\/p>\n<p><strong>&nbsp;<\/strong><\/td>\n<td width=\"150\">30. j\u00fan 2026<br \/>\n(utorok)<\/td>\n<td width=\"150\">1. j\u00fal \u2013<br \/>\n31. august 2026<\/td>\n<td width=\"133\">1. september 2026<br \/>\n(utorok)<\/td>\n<\/tr>\n<\/tbody>\n<\/table>\n<p>&nbsp;&nbsp;&nbsp;&nbsp;&nbsp;&nbsp;&nbsp;&nbsp;&nbsp;&nbsp;&nbsp;&nbsp;&nbsp;&nbsp;&nbsp;&nbsp;&nbsp;&nbsp;&nbsp;&nbsp;&nbsp;&nbsp;&nbsp;&nbsp;&nbsp;&nbsp;&nbsp;&nbsp;&nbsp;&nbsp;&nbsp;&nbsp;&nbsp;&nbsp;&nbsp;&nbsp;&nbsp;&nbsp;&nbsp;&nbsp;&nbsp;&nbsp;&nbsp;&nbsp;&nbsp;&nbsp;&nbsp;&nbsp;&nbsp;&nbsp;&nbsp;&nbsp;&nbsp;&nbsp;&nbsp;&nbsp;&nbsp;&nbsp;&nbsp;&nbsp;&nbsp;&nbsp;&nbsp;&nbsp;&nbsp;&nbsp;&nbsp;&nbsp;&nbsp;&nbsp;&nbsp;&nbsp;&nbsp;&nbsp;&nbsp;&nbsp;&nbsp;&nbsp;&nbsp;&nbsp;&nbsp;&nbsp;&nbsp;&nbsp;&nbsp;&nbsp;&nbsp;&nbsp;&nbsp;&nbsp;&nbsp;&nbsp;&nbsp;&nbsp;&nbsp;&nbsp;&nbsp;&nbsp;&nbsp;&nbsp;&nbsp;&nbsp;&nbsp;&nbsp;&nbsp;&nbsp;&nbsp;&nbsp;&nbsp;&nbsp;&nbsp;&nbsp;&nbsp;&nbsp;&nbsp;&nbsp;&nbsp;&nbsp;&nbsp;&nbsp;&nbsp;&nbsp;&nbsp;&nbsp;&nbsp;&nbsp;&nbsp;&nbsp;&nbsp;&nbsp;&nbsp;&nbsp;&nbsp;&nbsp;&nbsp;&nbsp;&nbsp;&nbsp;&nbsp;&nbsp;&nbsp;&nbsp;&nbsp;&nbsp;&nbsp;&nbsp;&nbsp;&nbsp;&nbsp;&nbsp;&nbsp;&nbsp;&nbsp;&nbsp;&nbsp;&nbsp;&nbsp;&nbsp;&nbsp;&nbsp;&nbsp;&nbsp;&nbsp;&nbsp;&nbsp;&nbsp;&nbsp;&nbsp;&nbsp;&nbsp;&nbsp;&nbsp;&nbsp;&nbsp;&nbsp;&nbsp;&nbsp;<\/p>\n","protected":false},"excerpt":{"rendered":"<p>Term\u00edny pr\u00e1zdnin &#8211; \u0161kolsk\u00fd rok 2025\/2026 &nbsp; &nbsp; &nbsp; PR\u00c1ZDNINY &nbsp; &nbsp; &nbsp; &nbsp; &nbsp; &nbsp; Posledn\u00fd de\u0148 vyu\u010dovania pred&nbsp;za\u010diatkom pr\u00e1zdnin &nbsp; &nbsp; &nbsp; Term\u00edn pr\u00e1zdnin Za\u010diatok vyu\u010dovania po&nbsp;pr\u00e1zdnin\u00e1ch &nbsp; &nbsp; JESENN\u00c9 29. okt\u00f3ber 2025 (streda) 30 okt\u00f3ber \u2013 31. november 2025 3. november 2025 (pondelok) &nbsp; &nbsp; VIANO\u010cN\u00c9 19. &hellip;<\/p>\n","protected":false},"author":1,"featured_media":0,"parent":0,"menu_order":0,"comment_status":"closed","ping_status":"open","template":"","meta":{"ngg_post_thumbnail":0,"footnotes":""},"class_list":["post-2259","page","type-page","status-publish","hentry"],"aioseo_notices":[],"_links":{"self":[{"href":"https:\/\/www.czslc.sk\/index.php?rest_route=\/wp\/v2\/pages\/2259","targetHints":{"allow":["GET"]}}],"collection":[{"href":"https:\/\/www.czslc.sk\/index.php?rest_route=\/wp\/v2\/pages"}],"about":[{"href":"https:\/\/www.czslc.sk\/index.php?rest_route=\/wp\/v2\/types\/page"}],"author":[{"embeddable":true,"href":"https:\/\/www.czslc.sk\/index.php?rest_route=\/wp\/v2\/users\/1"}],"replies":[{"embeddable":true,"href":"https:\/\/www.czslc.sk\/index.php?rest_route=%2Fwp%2Fv2%2Fcomments&post=2259"}],"version-history":[{"count":14,"href":"https:\/\/www.czslc.sk\/index.php?rest_route=\/wp\/v2\/pages\/2259\/revisions"}],"predecessor-version":[{"id":38274,"href":"https:\/\/www.czslc.sk\/index.php?rest_route=\/wp\/v2\/pages\/2259\/revisions\/38274"}],"wp:attachment":[{"href":"https:\/\/www.czslc.sk\/index.php?rest_route=%2Fwp%2Fv2%2Fmedia&parent=2259"}],"curies":[{"name":"wp","href":"https:\/\/api.w.org\/{rel}","templated":true}]}}