{"id":22129,"date":"2019-03-29T10:42:15","date_gmt":"2019-03-29T08:42:15","guid":{"rendered":"http:\/\/www.czslc.sk\/?page_id=22129"},"modified":"2019-12-06T16:21:54","modified_gmt":"2019-12-06T14:21:54","slug":"objednavky-2019","status":"publish","type":"page","link":"https:\/\/www.czslc.sk\/?page_id=22129","title":{"rendered":"Objedn\u00e1vky 2019"},"content":{"rendered":"\n<table style=\"width: 100%; height: 1344px;\" width=\"372\">\n<tbody>\n<tr>\n<td style=\"width: 45.6175%;\" width=\"153\">Slovensk\u00e1 po\u0161ta&nbsp;<\/td>\n<td style=\"width: 25.8964%;\" width=\"87\">1.19<\/td>\n<td style=\"width: 27.3904%;\" width=\"92\">4.1.2019<\/td>\n<\/tr>\n<tr>\n<td style=\"width: 45.6175%;\" width=\"153\">Forex SK, s.r.o.<\/td>\n<td style=\"width: 25.8964%;\" width=\"87\">2.19<\/td>\n<td style=\"width: 27.3904%;\" width=\"92\">8.1.2019<\/td>\n<\/tr>\n<tr>\n<td style=\"width: 45.6175%;\" width=\"153\">Teta drog\u00e9ria<\/td>\n<td style=\"width: 25.8964%;\" width=\"87\">3.19<\/td>\n<td style=\"width: 27.3904%;\" width=\"92\">10.1.2019<\/td>\n<\/tr>\n<tr>\n<td style=\"width: 45.6175%;\" width=\"153\">Emil Lach Bolare<\/td>\n<td style=\"width: 25.8964%;\" width=\"87\">4.19<\/td>\n<td style=\"width: 27.3904%;\" width=\"92\">22.1.2019<\/td>\n<\/tr>\n<tr>\n<td style=\"width: 45.6175%;\" width=\"153\">Hotel Clavis<\/td>\n<td style=\"width: 25.8964%;\" width=\"87\">5.19<\/td>\n<td style=\"width: 27.3904%;\" width=\"92\">25.1.2019<\/td>\n<\/tr>\n<tr>\n<td style=\"width: 45.6175%;\" width=\"153\">Miroslav Jackuliak<\/td>\n<td style=\"width: 25.8964%;\" width=\"87\">6.19<\/td>\n<td style=\"width: 27.3904%;\" width=\"92\">29.1.2019<\/td>\n<\/tr>\n<tr>\n<td style=\"width: 45.6175%;\" width=\"153\">SAD Lu\u010denec<\/td>\n<td style=\"width: 25.8964%;\" width=\"87\">7.19<\/td>\n<td style=\"width: 27.3904%;\" width=\"92\">4.2.2019<\/td>\n<\/tr>\n<tr>\n<td style=\"width: 45.6175%;\" width=\"153\">Merdok, s.r.o.<\/td>\n<td style=\"width: 25.8964%;\" width=\"87\">8.19<\/td>\n<td style=\"width: 27.3904%;\" width=\"92\">6.2.2019<\/td>\n<\/tr>\n<tr>\n<td style=\"width: 45.6175%;\" width=\"153\">Martin Pastierovi\u010d<\/td>\n<td style=\"width: 25.8964%;\" width=\"87\">9.19<\/td>\n<td style=\"width: 27.3904%;\" width=\"92\">12.2.2019<\/td>\n<\/tr>\n<tr>\n<td style=\"width: 45.6175%;\" width=\"153\">Roman Mesiarik&nbsp;<\/td>\n<td style=\"width: 25.8964%;\" width=\"87\">10.19<\/td>\n<td style=\"width: 27.3904%;\" width=\"92\">13.2.2019<\/td>\n<\/tr>\n<tr>\n<td style=\"width: 45.6175%;\" width=\"153\">Hotel Slovan<\/td>\n<td style=\"width: 25.8964%;\" width=\"87\">11.19<\/td>\n<td style=\"width: 27.3904%;\" width=\"92\">15.2.2019<\/td>\n<\/tr>\n<tr>\n<td style=\"width: 45.6175%;\" width=\"153\">Jozef Krn\u00e1\u010d \u2013 Komim\u00e1r<\/td>\n<td style=\"width: 25.8964%;\" width=\"87\">12.19<\/td>\n<td style=\"width: 27.3904%;\" width=\"92\">15.2.2019<\/td>\n<\/tr>\n<tr>\n<td style=\"width: 45.6175%;\" width=\"153\">Forex SK, s.r.o.<\/td>\n<td style=\"width: 25.8964%;\" width=\"87\">13\/2019<\/td>\n<td style=\"width: 27.3904%;\" width=\"92\">20.2.2019<\/td>\n<\/tr>\n<tr>\n<td style=\"width: 45.6175%;\" width=\"153\">Herplast, s.r.o.<\/td>\n<td style=\"width: 25.8964%;\" width=\"87\">14\/2019<\/td>\n<td style=\"width: 27.3904%;\" width=\"92\">21.2.2019<\/td>\n<\/tr>\n<tr>\n<td style=\"width: 45.6175%;\" width=\"153\">Elima Eugen Mih\u00e1ly<\/td>\n<td style=\"width: 25.8964%;\" width=\"87\">15\/2019<\/td>\n<td style=\"width: 27.3904%;\" width=\"92\">21.3.2019<\/td>\n<\/tr>\n<tr>\n<td style=\"width: 45.6175%;\" width=\"153\">Pavol Pocklan<\/td>\n<td style=\"width: 25.8964%;\" width=\"87\">16\/2019<\/td>\n<td style=\"width: 27.3904%;\" width=\"92\">14.3.2019<\/td>\n<\/tr>\n<tr>\n<td style=\"width: 45.6175%;\" width=\"153\">Karol Uhl \u2013 UK servis<\/td>\n<td style=\"width: 25.8964%;\" width=\"87\">17\/2019<\/td>\n<td style=\"width: 27.3904%;\" width=\"92\">29.3.2019<\/td>\n<\/tr>\n<tr>\n<td style=\"width: 45.6175%;\" width=\"153\">Kofemika, s.r.o.<\/td>\n<td style=\"width: 25.8964%;\" width=\"87\">18\/2019<\/td>\n<td style=\"width: 27.3904%;\" width=\"92\">1.4.2019<\/td>\n<\/tr>\n<tr>\n<td style=\"width: 45.6175%;\" width=\"153\">Gastrolux, s.r.o.,<\/td>\n<td style=\"width: 25.8964%;\" width=\"87\">19\/2019<\/td>\n<td style=\"width: 27.3904%;\" width=\"92\">2.4.2019<\/td>\n<\/tr>\n<tr>\n<td style=\"width: 45.6175%;\" width=\"153\">LIDL, a.s.<\/td>\n<td style=\"width: 25.8964%;\" width=\"87\">20\/2019<\/td>\n<td style=\"width: 27.3904%;\" width=\"92\">9.4.2019<\/td>\n<\/tr>\n<tr>\n<td style=\"width: 45.6175%;\" width=\"153\">Teta drog\u00e9ria&nbsp;<\/td>\n<td style=\"width: 25.8964%;\" width=\"87\">21\/2019<\/td>\n<td style=\"width: 27.3904%;\" width=\"92\">11.4.2019<\/td>\n<\/tr>\n<tr>\n<td style=\"width: 45.6175%;\" width=\"153\">Peter Al\u00e1\u010d<\/td>\n<td style=\"width: 25.8964%;\" width=\"87\">22\/2019<\/td>\n<td style=\"width: 27.3904%;\" width=\"92\">11.4.2019<\/td>\n<\/tr>\n<tr>\n<td style=\"width: 45.6175%;\" width=\"153\">MB TECH BB, s.r.o.<\/td>\n<td style=\"width: 25.8964%;\" width=\"87\">23\/2019<\/td>\n<td style=\"width: 27.3904%;\" width=\"92\">23.5.2019<\/td>\n<\/tr>\n<tr>\n<td style=\"width: 45.6175%;\" width=\"153\">Copycentrum<\/td>\n<td style=\"width: 25.8964%;\" width=\"87\">24\/2019<\/td>\n<td style=\"width: 27.3904%;\" width=\"92\">27.5.2019<\/td>\n<\/tr>\n<tr>\n<td style=\"width: 45.6175%;\" width=\"153\">Woodiann, s.r.o.<\/td>\n<td style=\"width: 25.8964%;\" width=\"87\">25\/2019<\/td>\n<td style=\"width: 27.3904%;\" width=\"92\">13.6.2019<\/td>\n<\/tr>\n<tr>\n<td style=\"width: 45.6175%;\" width=\"153\">REVITAL-sk, s.r.o.<\/td>\n<td style=\"width: 25.8964%;\" width=\"87\">26\/2019<\/td>\n<td style=\"width: 27.3904%;\" width=\"92\">13.6.2019<\/td>\n<\/tr>\n<tr>\n<td style=\"width: 45.6175%;\" width=\"153\">FOREX SK, s.r.o.<\/td>\n<td style=\"width: 25.8964%;\" width=\"87\">27\/2019<\/td>\n<td style=\"width: 27.3904%;\" width=\"92\">17.6.2019<\/td>\n<\/tr>\n<tr>\n<td style=\"width: 45.6175%;\" width=\"153\">Interakt\u00edvna \u0161kola<\/td>\n<td style=\"width: 25.8964%;\" width=\"87\">28\/2019<\/td>\n<td style=\"width: 27.3904%;\" width=\"92\">17.6.2019<\/td>\n<\/tr>\n<tr>\n<td style=\"width: 45.6175%;\" width=\"153\">Hanezi&nbsp;<\/td>\n<td style=\"width: 25.8964%;\" width=\"87\">29\/2019<\/td>\n<td style=\"width: 27.3904%;\" width=\"92\">17.6.2019<\/td>\n<\/tr>\n<tr>\n<td style=\"width: 45.6175%;\" width=\"153\">J2 studio, s.r.o.<\/td>\n<td style=\"width: 25.8964%;\" width=\"87\">30\/2019<\/td>\n<td style=\"width: 27.3904%;\" width=\"92\">17.6.2019<\/td>\n<\/tr>\n<tr>\n<td style=\"width: 45.6175%;\" width=\"153\">KovArt Studio<\/td>\n<td style=\"width: 25.8964%;\" width=\"87\">31\/2019<\/td>\n<td style=\"width: 27.3904%;\" width=\"92\">24.6.2019<\/td>\n<\/tr>\n<tr>\n<td style=\"width: 45.6175%;\" width=\"153\">Hotel Clavis<\/td>\n<td style=\"width: 25.8964%;\" width=\"87\">32\/2019<\/td>\n<td style=\"width: 27.3904%;\" width=\"92\">24.6.2019<\/td>\n<\/tr>\n<tr>\n<td style=\"width: 45.6175%;\" width=\"153\">MB TECH BB, s.r.o.<\/td>\n<td style=\"width: 25.8964%;\" width=\"87\">33\/2019<\/td>\n<td style=\"width: 27.3904%;\" width=\"92\">26.6.2019<\/td>\n<\/tr>\n<tr>\n<td style=\"width: 45.6175%;\" width=\"153\">EMS servis&nbsp;<\/td>\n<td style=\"width: 25.8964%;\" width=\"87\">34\/2019<\/td>\n<td style=\"width: 27.3904%;\" width=\"92\">28.6.2019<\/td>\n<\/tr>\n<tr>\n<td style=\"width: 45.6175%;\" width=\"153\">MsU Lu\u010denec<\/td>\n<td style=\"width: 25.8964%;\" width=\"87\">35\/2019<\/td>\n<td style=\"width: 27.3904%;\" width=\"92\">3.7.2019<\/td>\n<\/tr>\n<tr>\n<td style=\"width: 45.6175%;\" width=\"153\">HANEZI<\/td>\n<td style=\"width: 25.8964%;\" width=\"87\">36\/2019<\/td>\n<td style=\"width: 27.3904%;\" width=\"92\">15.7.2019<\/td>\n<\/tr>\n<tr>\n<td style=\"width: 45.6175%;\" width=\"153\">Erv\u00edn Szab\u00f3 \u2013 ELREV<\/td>\n<td style=\"width: 25.8964%;\" width=\"87\">37\/2019<\/td>\n<td style=\"width: 27.3904%;\" width=\"92\">22.8.2019<\/td>\n<\/tr>\n<tr>\n<td style=\"width: 45.6175%;\" width=\"153\">MERDOK, s.r.o.<\/td>\n<td style=\"width: 25.8964%;\" width=\"87\">38\/2019<\/td>\n<td style=\"width: 27.3904%;\" width=\"92\">22.8.2019<\/td>\n<\/tr>\n<tr>\n<td style=\"width: 45.6175%;\" width=\"153\">MERDOK, s.r.o.<\/td>\n<td style=\"width: 25.8964%;\" width=\"87\">39\/2019<\/td>\n<td style=\"width: 27.3904%;\" width=\"92\">22.8.2019<\/td>\n<\/tr>\n<tr>\n<td style=\"width: 45.6175%;\" width=\"153\">MERDOK, s.r.o.<\/td>\n<td style=\"width: 25.8964%;\" width=\"87\">40\/2019<\/td>\n<td style=\"width: 27.3904%;\" width=\"92\">22.8.2019<\/td>\n<\/tr>\n<tr>\n<td style=\"width: 45.6175%;\" width=\"153\">Retro Lu\u010denec<\/td>\n<td style=\"width: 25.8964%;\" width=\"87\">41\/2019<\/td>\n<td style=\"width: 27.3904%;\" width=\"92\">27.8.2019<\/td>\n<\/tr>\n<tr>\n<td style=\"width: 45.6175%;\" width=\"153\">Viliam Bo\u013ef<\/td>\n<td style=\"width: 25.8964%;\" width=\"87\">42\/2019<\/td>\n<td style=\"width: 27.3904%;\" width=\"92\">27.8.2019<\/td>\n<\/tr>\n<tr>\n<td style=\"width: 45.6175%;\" width=\"153\">Gastrolux, s.r.o.<\/td>\n<td style=\"width: 25.8964%;\" width=\"87\">43\/2019<\/td>\n<td style=\"width: 27.3904%;\" width=\"92\">9.9.2019<\/td>\n<\/tr>\n<tr>\n<td style=\"width: 45.6175%;\" width=\"153\">Slovensk\u00e1 po\u0161ta<\/td>\n<td style=\"width: 25.8964%;\" width=\"87\">44\/2019<\/td>\n<td style=\"width: 27.3904%;\" width=\"92\">9.9.2019<\/td>\n<\/tr>\n<tr>\n<td style=\"width: 45.6175%;\" width=\"153\">Doxx \u2013 stravn\u00e9 l\u00edstky<\/td>\n<td style=\"width: 25.8964%;\" width=\"87\">45\/2019<\/td>\n<td style=\"width: 27.3904%;\" width=\"92\">13.9.2019<\/td>\n<\/tr>\n<tr>\n<td style=\"width: 45.6175%;\" width=\"153\">Gastrolux, s.r.o.<\/td>\n<td style=\"width: 25.8964%;\" width=\"87\">46\/2019<\/td>\n<td style=\"width: 27.3904%;\" width=\"92\">24.9.2019<\/td>\n<\/tr>\n<tr>\n<td style=\"width: 45.6175%;\" width=\"153\">Forex SK, LC<\/td>\n<td style=\"width: 25.8964%;\" width=\"87\">47\/2019<\/td>\n<td style=\"width: 27.3904%;\" width=\"92\">2.10.2019<\/td>\n<\/tr>\n<tr>\n<td style=\"width: 45.6175%;\" width=\"153\">Pavol Pocklan<\/td>\n<td style=\"width: 25.8964%;\" width=\"87\">48\/2019<\/td>\n<td style=\"width: 27.3904%;\" width=\"92\">2.10.2019<\/td>\n<\/tr>\n<tr>\n<td style=\"width: 45.6175%;\" width=\"153\">Woodiann, s.r.o.<\/td>\n<td style=\"width: 25.8964%;\" width=\"87\">49\/2019<\/td>\n<td style=\"width: 27.3904%;\" width=\"92\">8.10.2019<\/td>\n<\/tr>\n<tr>\n<td style=\"width: 45.6175%;\" width=\"153\">Woodiann, s.r.o.<\/td>\n<td style=\"width: 25.8964%;\" width=\"87\">50\/2019<\/td>\n<td style=\"width: 27.3904%;\" width=\"92\">8.10.2019<\/td>\n<\/tr>\n<tr>\n<td style=\"width: 45.6175%;\" width=\"153\">Teta drog\u00e9ria<\/td>\n<td style=\"width: 25.8964%;\" width=\"87\">51\/2019<\/td>\n<td style=\"width: 27.3904%;\" width=\"92\">8.10.2019<\/td>\n<\/tr>\n<tr>\n<td style=\"width: 45.6175%;\" width=\"153\">Merdok, s.r.o.<\/td>\n<td style=\"width: 25.8964%;\" width=\"87\">52\/2019<\/td>\n<td style=\"width: 27.3904%;\" width=\"92\">11.10.2019<\/td>\n<\/tr>\n<tr>\n<td style=\"width: 45.6175%;\" width=\"153\">Lia drog\u00e9ria&nbsp;<\/td>\n<td style=\"width: 25.8964%;\" width=\"87\">53\/2019<\/td>\n<td style=\"width: 27.3904%;\" width=\"92\">11.10.2019<\/td>\n<\/tr>\n<tr>\n<td style=\"width: 45.6175%;\" width=\"153\">Daffer&nbsp;<\/td>\n<td style=\"width: 25.8964%;\" width=\"87\">54\/2019<\/td>\n<td style=\"width: 27.3904%;\" width=\"92\">18.10.2019<\/td>\n<\/tr>\n<tr>\n<td style=\"width: 45.6175%;\" width=\"153\">Gastrolux<\/td>\n<td style=\"width: 25.8964%;\" width=\"87\">55\/2019<\/td>\n<td style=\"width: 27.3904%;\" width=\"92\">18.10.2019<\/td>\n<\/tr>\n<tr>\n<td style=\"width: 45.6175%;\" width=\"153\">Kamil Kraj\u0148\u00e1k<\/td>\n<td style=\"width: 25.8964%;\" width=\"87\">56\/2019<\/td>\n<td style=\"width: 27.3904%;\" width=\"92\">28.10.2019<\/td>\n<\/tr>\n<tr>\n<td style=\"width: 45.6175%;\">Retro LC<\/td>\n<td style=\"width: 25.8964%;\">57\/2019<\/td>\n<td style=\"width: 27.3904%;\">4.11.2019<\/td>\n<\/tr>\n<tr>\n<td style=\"width: 45.6175%;\">Woddiann<\/td>\n<td style=\"width: 25.8964%;\">58\/2019<\/td>\n<td style=\"width: 27.3904%;\">4.11.2019<\/td>\n<\/tr>\n<tr>\n<td style=\"width: 45.6175%;\">Bozo Stanislav \u2013M\u00e1ria<\/td>\n<td style=\"width: 25.8964%;\">59\/2019<\/td>\n<td style=\"width: 27.3904%;\">15.11.2019<\/td>\n<\/tr>\n<tr>\n<td style=\"width: 45.6175%;\">EUROGASTROP<\/td>\n<td style=\"width: 25.8964%;\">60\/2019<\/td>\n<td style=\"width: 27.3904%;\">20.11.2019<\/td>\n<\/tr>\n<tr>\n<td style=\"width: 45.6175%;\">LIDL, v.o.s.<\/td>\n<td style=\"width: 25.8964%;\">61\/2019<\/td>\n<td style=\"width: 27.3904%;\">22.11.2019<\/td>\n<\/tr>\n<tr>\n<td style=\"width: 45.6175%;\">Pro schol<\/td>\n<td style=\"width: 25.8964%;\">63\/2019<\/td>\n<td style=\"width: 27.3904%;\">28.11.2019<\/td>\n<\/tr>\n<tr>\n<td style=\"width: 45.6175%;\">Interakt\u00edvna \u0161kola<\/td>\n<td style=\"width: 25.8964%;\">64\/2019<\/td>\n<td style=\"width: 27.3904%;\">2.12.2019<\/td>\n<\/tr>\n<\/tbody>\n<\/table>\n\n\n\n<p><\/p>\n\n\n","protected":false},"excerpt":{"rendered":"<p>Slovensk\u00e1 po\u0161ta&nbsp; 1.19 4.1.2019 Forex SK, s.r.o. 2.19 8.1.2019 Teta drog\u00e9ria 3.19 10.1.2019 Emil Lach Bolare 4.19 22.1.2019 Hotel Clavis 5.19 25.1.2019 Miroslav Jackuliak 6.19 29.1.2019 SAD Lu\u010denec 7.19 4.2.2019 Merdok, s.r.o. 8.19 6.2.2019 Martin Pastierovi\u010d 9.19 12.2.2019 Roman Mesiarik&nbsp; 10.19 13.2.2019 Hotel Slovan 11.19 15.2.2019 Jozef Krn\u00e1\u010d \u2013 Komim\u00e1r &hellip;<\/p>\n","protected":false},"author":1,"featured_media":0,"parent":0,"menu_order":0,"comment_status":"closed","ping_status":"closed","template":"","meta":{"ngg_post_thumbnail":0,"footnotes":""},"class_list":["post-22129","page","type-page","status-publish","hentry"],"aioseo_notices":[],"_links":{"self":[{"href":"https:\/\/www.czslc.sk\/index.php?rest_route=\/wp\/v2\/pages\/22129","targetHints":{"allow":["GET"]}}],"collection":[{"href":"https:\/\/www.czslc.sk\/index.php?rest_route=\/wp\/v2\/pages"}],"about":[{"href":"https:\/\/www.czslc.sk\/index.php?rest_route=\/wp\/v2\/types\/page"}],"author":[{"embeddable":true,"href":"https:\/\/www.czslc.sk\/index.php?rest_route=\/wp\/v2\/users\/1"}],"replies":[{"embeddable":true,"href":"https:\/\/www.czslc.sk\/index.php?rest_route=%2Fwp%2Fv2%2Fcomments&post=22129"}],"version-history":[{"count":4,"href":"https:\/\/www.czslc.sk\/index.php?rest_route=\/wp\/v2\/pages\/22129\/revisions"}],"predecessor-version":[{"id":25325,"href":"https:\/\/www.czslc.sk\/index.php?rest_route=\/wp\/v2\/pages\/22129\/revisions\/25325"}],"wp:attachment":[{"href":"https:\/\/www.czslc.sk\/index.php?rest_route=%2Fwp%2Fv2%2Fmedia&parent=22129"}],"curies":[{"name":"wp","href":"https:\/\/api.w.org\/{rel}","templated":true}]}}