{"id":22081,"date":"2019-01-09T11:59:18","date_gmt":"2019-01-09T09:59:18","guid":{"rendered":"http:\/\/www.czslc.sk\/?page_id=22081"},"modified":"2026-01-21T15:37:19","modified_gmt":"2026-01-21T13:37:19","slug":"dokumenty","status":"publish","type":"page","link":"https:\/\/www.czslc.sk\/?page_id=22081","title":{"rendered":"Dokumenty"},"content":{"rendered":"<p><a href=\"https:\/\/www.czslc.sk\/?wpfb_dl=701\"><strong>\u0160kolsk\u00fd poriadok<\/strong><\/a><\/p>\n<p><a href=\"https:\/\/www.czslc.sk\/?wpfb_dl=838\">Pl\u00e1n uplat\u0148ovania \u0161tandardov dodr\u017eiavania z\u00e1kazu segreg\u00e1cie vo v\u00fdchove a vzdel\u00e1van\u00ed<\/a><\/p>\n<p><a href=\"https:\/\/www.czslc.sk\/?wpfb_dl=830\">Dodatok k \u0161kolsk\u00e9mu poriadku<\/a><\/p>\n<p><a href=\"https:\/\/www.czslc.sk\/?wpfb_dl=839\">Dodatok k \u0161kolsk\u00e9mu poriadku \u010d.2<\/a><\/p>\n<p><a href=\"https:\/\/www.czslc.sk\/?wpfb_dl=840\">Lek\u00e1rske potvrdenie o ochoren\u00ed<\/a><\/p>\n<p id=\":fj\" class=\"hP\" tabindex=\"-1\" data-thread-perm-id=\"thread-f:1622175901991368075\" data-legacy-thread-id=\"168320636164f58b\"><strong><a href=\"http:\/\/www.czslc.sk\/?wpfb_dl=523\"><span style=\"font-size: 12pt;\">V\u00fdchovn\u00fd program<\/span><\/a><\/strong><\/p>\n<p><a href=\"http:\/\/www.czslc.sk\/?page_id=680\"><strong>\u0160kolsk\u00fd vzdel\u00e1vac\u00ed program<\/strong><\/a><\/p>\n<p><strong>Krit\u00e9ri\u00e1 hodnotenia a klasifik\u00e1cie<\/strong><\/p>\n<p><strong><a href=\"https:\/\/www.czslc.sk\/?wpfb_dl=857\">Spr\u00e1va o v\u00fdchovno-vzdel\u00e1vacej \u010dinnosti, jej v\u00fdsledkoch a podmienkach \u0161koly v \u0161kolskom roku 2024\/2025<\/a><\/strong><\/p>\n<p><strong><a href=\"https:\/\/www.czslc.sk\/?wpfb_dl=833\">Spr\u00e1va o v\u00fdchovno-vzdel\u00e1vacej \u010dinnosti, jej v\u00fdsledkoch a podmienkach \u0161koly v \u0161kolskom roku 2023\/2024<\/a><\/strong><\/p>\n<p><a href=\"https:\/\/www.czslc.sk\/?wpfb_dl=765\"><strong><span dir=\"ltr\" role=\"presentation\">Spr\u00e1va o<\/span> <span dir=\"ltr\" role=\"presentation\">v\u00fdchovno<\/span><span dir=\"ltr\" role=\"presentation\">&#8211;<\/span><span dir=\"ltr\" role=\"presentation\">vzdel\u00e1vacej \u010dinnosti,<\/span> <span dir=\"ltr\" role=\"presentation\">jej v\u00fdsledkoch a<\/span> <span dir=\"ltr\" role=\"presentation\">podmienkach \u0161koly v<\/span> <span dir=\"ltr\" role=\"presentation\">\u0161kolskom roku<\/span> <span dir=\"ltr\" role=\"presentation\">2022\/2023<\/span><\/strong><\/a><\/p>\n<p><a href=\"https:\/\/www.czslc.sk\/?wpfb_dl=715\"><strong><span dir=\"ltr\" role=\"presentation\">Spr\u00e1va o<\/span> <span dir=\"ltr\" role=\"presentation\">v\u00fdchovno<\/span><span dir=\"ltr\" role=\"presentation\">&#8211;<\/span><span dir=\"ltr\" role=\"presentation\">vzdel\u00e1vacej \u010dinnosti,<\/span> <span dir=\"ltr\" role=\"presentation\">jej v\u00fdsledkoch a<\/span> <span dir=\"ltr\" role=\"presentation\">podmienkach \u0161koly v<\/span> <span dir=\"ltr\" role=\"presentation\">\u0161kolskom roku<\/span> <span dir=\"ltr\" role=\"presentation\">2021\/2022<\/span><\/strong><\/a><\/p>\n<p><strong><a href=\"https:\/\/www.czslc.sk\/?wpfb_dl=670\"><span dir=\"ltr\" role=\"presentation\">Spr\u00e1va o<\/span> <span dir=\"ltr\" role=\"presentation\">v\u00fdchovno<\/span><span dir=\"ltr\" role=\"presentation\">&#8211;<\/span><span dir=\"ltr\" role=\"presentation\">vzdel\u00e1vacej \u010dinnosti,<\/span> <span dir=\"ltr\" role=\"presentation\">jej v\u00fdsledkoch a<\/span> <span dir=\"ltr\" role=\"presentation\">podmienkach \u0161koly v<\/span> <span dir=\"ltr\" role=\"presentation\">\u0161kolskom roku<\/span> <span dir=\"ltr\" role=\"presentation\">2020\/2021<\/span><\/a><\/strong><\/p>\n<p><a href=\"https:\/\/www.czslc.sk\/?wpfb_dl=671\"><strong><span dir=\"ltr\" role=\"presentation\">Spr\u00e1va o<\/span> <span dir=\"ltr\" role=\"presentation\">v\u00fdchovno<\/span><span dir=\"ltr\" role=\"presentation\">&#8211;<\/span><span dir=\"ltr\" role=\"presentation\">vzdel\u00e1vacej \u010dinnosti, <\/span><span dir=\"ltr\" role=\"presentation\">jej v\u00fdsledkoch a<\/span> <span dir=\"ltr\" role=\"presentation\">podmienkach \u0161koly v<\/span> <span dir=\"ltr\" role=\"presentation\">\u0161kolskom roku 2019\/2020<\/span><\/strong><\/a><\/p>\n<p><a href=\"https:\/\/www.czslc.sk\/?wpfb_dl=672\"><strong><span dir=\"ltr\" role=\"presentation\">Spr\u00e1va <\/span><span dir=\"ltr\" role=\"presentation\">o<\/span> <span dir=\"ltr\" role=\"presentation\">priebehu a<\/span> <span dir=\"ltr\" role=\"presentation\">organiz\u00e1cii v\u00fdchovno<\/span><span dir=\"ltr\" role=\"presentation\">&#8211;<\/span><span dir=\"ltr\" role=\"presentation\">vzdel\u00e1vacieho procesu <\/span><span dir=\"ltr\" role=\"presentation\">po\u010das obdobia mimoriadnej situ\u00e1cie. <\/span><span dir=\"ltr\" role=\"presentation\">Pr\u00edloha ku Spr\u00e1ve o<\/span> <span dir=\"ltr\" role=\"presentation\">v\u00fdchovno<\/span><span dir=\"ltr\" role=\"presentation\">&#8211;<\/span><span dir=\"ltr\" role=\"presentation\">vzdel\u00e1vacej \u010dinnosti za \u0161kolsk\u00fd<\/span> <span dir=\"ltr\" role=\"presentation\">rok 2019\/2020<\/span><\/strong><\/a><\/p>\n<p><a href=\"https:\/\/www.czslc.sk\/?wpfb_dl=566\"><strong>Hodnotiaca Spr\u00e1va CZ\u0160 za \u0161k rok 2018\/2019<\/strong><\/a><\/p>\n<p><a href=\"https:\/\/www.czslc.sk\/?wpfb_dl=565\"><strong>Spr\u00e1va vo v\u00fdchovno-vzdel\u00e1vacej \u010dinnosti 2018\/2019<\/strong><\/a><\/p>\n<p>&nbsp;<\/p>\n<table>\n<tbody>\n<tr>\n<td><a href=\"http:\/\/www.czslc.sk\/wp-content\/uploads\/2013\/01\/Prevencia-a-rie\u0161enie-\u0161ikanovania-\u017eiakov-1.pdf\">Prevencia a rie\u0161enie \u0161ikanovania \u017eiakov<\/a><\/td>\n<td>&nbsp;<\/td>\n<\/tr>\n<\/tbody>\n<\/table>\n<p><a href=\"https:\/\/www.czslc.sk\/?wpfb_dl=568\">Smernica o \u0161ikanovan\u00ed<\/a><\/p>\n<p>&nbsp;<\/p>\n<p><a href=\"https:\/\/www.czslc.sk\/?wpfb_dl=597\">Organiz\u00e1cia a podmienky v\u00fdchovy a vzdel\u00e1vania na CZ\u0160 pre \u0161k. rok 2020 2021<\/a><\/p>\n<p><a href=\"https:\/\/www.czslc.sk\/?wpfb_dl=598\">Usmernenie hlavn\u00e9ho hygienika SR SARS_CoV_2&nbsp; &#8211; aktualizacia<\/a><\/p>\n<p>&nbsp;<\/p>\n<p><strong>Zria\u010fovacie listiny:<\/strong><\/p>\n<table>\n<tbody>\n<tr>\n<td><div class=\"wpfilebase-fileicon\"><a href=\"https:\/\/www.czslc.sk\/?wpfb_dl=391\" title=\"Download \u0160kolsk\u00fd klub det\u00ed - zaradenie do siete \u0161k\u00f4l\"><img decoding=\"async\" align=\"middle\" src=\"https:\/\/www.czslc.sk\/?wpfilebase_thumbnail=1&amp;fid=391&amp;name=img151-85x120._AcXYX0w6H9LC.thumb.jpg\" \/><\/a><\/div>\n<div class=\"wpfilebase-fileicon\"><a href=\"https:\/\/www.czslc.sk\/?wpfb_dl=390\" title=\"Download Zaradenie do siete \u0161k\u00f4l\"><img decoding=\"async\" align=\"middle\" src=\"https:\/\/www.czslc.sk\/?wpfilebase_thumbnail=1&amp;fid=390&amp;name=img152-85x120._2ZpEqZT2y4vd.thumb.jpg\" \/><\/a><\/div>\n<div class=\"wpfilebase-fileicon\"><a href=\"https:\/\/www.czslc.sk\/?wpfb_dl=392\" title=\"Download Zria\u010fovacia listina - \u0160kolsk\u00fd klub det\u00ed\"><img decoding=\"async\" align=\"middle\" src=\"https:\/\/www.czslc.sk\/?wpfilebase_thumbnail=1&amp;fid=392&amp;name=img150-85x120._pBlhgMYKChLD.thumb.jpg\" \/><\/a><\/div>\n<\/td>\n<\/tr>\n<\/tbody>\n<\/table>\n<p><strong>In\u0161pek\u010dn\u00e1 spr\u00e1va:<\/strong><\/p>\n<table>\n<tbody>\n<tr>\n<td><div class=\"wpfilebase-fileicon\"><a href=\"https:\/\/www.czslc.sk\/?wpfb_dl=410\" title=\"Download Spr\u00e1va o v\u00fdsledku \u0161kolskej in\u0161pekcie\"><img decoding=\"async\" align=\"middle\" src=\"https:\/\/www.czslc.sk\/?wpfilebase_thumbnail=1&amp;fid=410&amp;name=img182-85x120._ncGMTxrgxAgM.thumb.jpg\" \/><\/a><\/div>\n<div class=\"wpfilebase-fileicon\"><a href=\"https:\/\/www.czslc.sk\/?wpfb_dl=411\" title=\"Download Spr\u00e1va o v\u00fdsledku \u0161kolskej in\u0161pekcie\"><img decoding=\"async\" align=\"middle\" src=\"https:\/\/www.czslc.sk\/?wpfilebase_thumbnail=1&amp;fid=411&amp;name=img183-85x120._jCsZUsSgOBtM.thumb.jpg\" \/><\/a><\/div>\n<\/td>\n<\/tr>\n<\/tbody>\n<\/table>\n<div class=\"wpfilebase-attachment\">\r\n <div class=\"wpfilebase-fileicon\"><a href=\"https:\/\/www.czslc.sk\/?wpfb_dl=540\" title=\"Download Vyhodnocovacia Spr\u00e1va Za \u0161k  Rok 2017-2018\"><img decoding=\"async\" align=\"middle\" src=\"https:\/\/www.czslc.sk\/wp-includes\/images\/crystal\/document.png\" alt=\"Vyhodnocovacia Spr\u00e1va Za \u0161k  Rok 2017-2018\" \/><\/a><\/div>\r\n <div class=\"wpfilebase-rightcol\">\r\n  <div class=\"wpfilebase-filetitle\">\r\n   <a href=\"https:\/\/www.czslc.sk\/?wpfb_dl=540\" title=\"Download Vyhodnocovacia Spr\u00e1va Za \u0161k  Rok 2017-2018\">Vyhodnocovacia Spr\u00e1va Za \u0161k  Rok 2017-2018<\/a><br \/>\r\n   Vyhodnocovacia-sprava-za-sk.-rok-2017-2018-compressed.pdf<br \/>\r\n   \r\n   \r\n  <\/div>\r\n  <div class=\"wpfilebase-filedetails\" id=\"wpfilebase-filedetails6\" style=\"display: none;\">\r\n  <p><\/p>\r\n  <table border=\"0\">\r\n   \r\n   \r\n   <tr><td><strong>Platformy:<\/strong><\/td><td>Windows 98, Windows 2000, Windows XP, Windows Vista, Windows 7<\/td><\/tr>\r\n   \r\n   <tr><td><strong>Kateg\u00f3ria<\/strong><\/td><td>Dokumenty<\/td><\/tr>\r\n   \r\n   <tr><td><strong>D\u00e1tum:<\/strong><\/td><td>8. apr\u00edla 2019<\/td><\/tr>\r\n   \n  <\/table>\r\n  <\/div>\r\n <\/div>\r\n <div class=\"wpfilebase-fileinfo\">\r\n  243.1 KiB<br \/>\r\n  669 Downloads<br \/>\r\n  <a href=\"#\" onclick=\"return wpfilebase_filedetails(6);\">Detaily...<\/a>\r\n <\/div>\r\n <div style=\"clear: both;\"><\/div>\r\n<\/div>\n<p><strong>Stanovy OZ ZRP\u0160:<\/strong><\/p>\n<table>\n<tbody>\n<tr>\n<td><div class=\"wpfilebase-attachment\">\r\n <div class=\"wpfilebase-fileicon\"><a href=\"https:\/\/www.czslc.sk\/?wpfb_dl=460\" title=\"Download Stanovy OZ ZRP\u0160\"><img decoding=\"async\" align=\"middle\" src=\"https:\/\/www.czslc.sk\/wp-includes\/images\/crystal\/document.png\" alt=\"Stanovy OZ ZRP\u0160\" \/><\/a><\/div>\r\n <div class=\"wpfilebase-rightcol\">\r\n  <div class=\"wpfilebase-filetitle\">\r\n   <a href=\"https:\/\/www.czslc.sk\/?wpfb_dl=460\" title=\"Download Stanovy OZ ZRP\u0160\">Stanovy OZ ZRP\u0160<\/a><br \/>\r\n   Stanovy-OZ-ZRPS.pdf<br \/>\r\n   \r\n   \r\n  <\/div>\r\n  <div class=\"wpfilebase-filedetails\" id=\"wpfilebase-filedetails7\" style=\"display: none;\">\r\n  <p><\/p>\r\n  <table border=\"0\">\r\n   \r\n   \r\n   \r\n   \r\n   <tr><td><strong>Kateg\u00f3ria<\/strong><\/td><td>Dokumenty<\/td><\/tr>\r\n   \r\n   <tr><td><strong>D\u00e1tum:<\/strong><\/td><td>7. novembra 2017<\/td><\/tr>\r\n   \n  <\/table>\r\n  <\/div>\r\n <\/div>\r\n <div class=\"wpfilebase-fileinfo\">\r\n  1.0 MiB<br \/>\r\n  562 Downloads<br \/>\r\n  <a href=\"#\" onclick=\"return wpfilebase_filedetails(7);\">Detaily...<\/a>\r\n <\/div>\r\n <div style=\"clear: both;\"><\/div>\r\n<\/div><\/td>\n<\/tr>\n<\/tbody>\n<\/table>\n<p><strong>Spr\u00e1va o kontrole kr\u00fa\u017ekovej \u010dinnosti<\/strong><\/p>\n<table>\n<tbody>\n<tr>\n<td><div class=\"wpfilebase-attachment\">\r\n <div class=\"wpfilebase-fileicon\"><a href=\"https:\/\/www.czslc.sk\/?wpfb_dl=514\" title=\"Download Spr\u00e1va Kontrola Kr\u00fa\u017ekovej \u010dinnosti\"><img decoding=\"async\" align=\"middle\" src=\"https:\/\/www.czslc.sk\/wp-includes\/images\/crystal\/document.png\" alt=\"Spr\u00e1va Kontrola Kr\u00fa\u017ekovej \u010dinnosti\" \/><\/a><\/div>\r\n <div class=\"wpfilebase-rightcol\">\r\n  <div class=\"wpfilebase-filetitle\">\r\n   <a href=\"https:\/\/www.czslc.sk\/?wpfb_dl=514\" title=\"Download Spr\u00e1va Kontrola Kr\u00fa\u017ekovej \u010dinnosti\">Spr\u00e1va Kontrola Kr\u00fa\u017ekovej \u010dinnosti<\/a><br \/>\r\n   sprava-kontrola-kruzkovej-cinnosti.pdf<br \/>\r\n   \r\n   \r\n  <\/div>\r\n  <div class=\"wpfilebase-filedetails\" id=\"wpfilebase-filedetails8\" style=\"display: none;\">\r\n  <p><\/p>\r\n  <table border=\"0\">\r\n   \r\n   \r\n   \r\n   \r\n   \r\n   \r\n   <tr><td><strong>D\u00e1tum:<\/strong><\/td><td>11. decembra 2018<\/td><\/tr>\r\n   \n  <\/table>\r\n  <\/div>\r\n <\/div>\r\n <div class=\"wpfilebase-fileinfo\">\r\n  1.7 MiB<br \/>\r\n  473 Downloads<br \/>\r\n  <a href=\"#\" onclick=\"return wpfilebase_filedetails(8);\">Detaily...<\/a>\r\n <\/div>\r\n <div style=\"clear: both;\"><\/div>\r\n<\/div><\/td>\n<\/tr>\n<\/tbody>\n<\/table>\n<p>&nbsp;<\/p>\n","protected":false},"excerpt":{"rendered":"<p>\u0160kolsk\u00fd poriadok Pl\u00e1n uplat\u0148ovania \u0161tandardov dodr\u017eiavania z\u00e1kazu segreg\u00e1cie vo v\u00fdchove a vzdel\u00e1van\u00ed Dodatok k \u0161kolsk\u00e9mu poriadku Dodatok k \u0161kolsk\u00e9mu poriadku \u010d.2 Lek\u00e1rske potvrdenie o ochoren\u00ed V\u00fdchovn\u00fd program \u0160kolsk\u00fd vzdel\u00e1vac\u00ed program Krit\u00e9ri\u00e1 hodnotenia a klasifik\u00e1cie Spr\u00e1va o v\u00fdchovno-vzdel\u00e1vacej \u010dinnosti, jej v\u00fdsledkoch a podmienkach \u0161koly v \u0161kolskom roku 2024\/2025 Spr\u00e1va o v\u00fdchovno-vzdel\u00e1vacej &hellip;<\/p>\n","protected":false},"author":1,"featured_media":0,"parent":0,"menu_order":0,"comment_status":"closed","ping_status":"closed","template":"","meta":{"ngg_post_thumbnail":0,"footnotes":""},"class_list":["post-22081","page","type-page","status-publish","hentry"],"aioseo_notices":[],"_links":{"self":[{"href":"https:\/\/www.czslc.sk\/index.php?rest_route=\/wp\/v2\/pages\/22081","targetHints":{"allow":["GET"]}}],"collection":[{"href":"https:\/\/www.czslc.sk\/index.php?rest_route=\/wp\/v2\/pages"}],"about":[{"href":"https:\/\/www.czslc.sk\/index.php?rest_route=\/wp\/v2\/types\/page"}],"author":[{"embeddable":true,"href":"https:\/\/www.czslc.sk\/index.php?rest_route=\/wp\/v2\/users\/1"}],"replies":[{"embeddable":true,"href":"https:\/\/www.czslc.sk\/index.php?rest_route=%2Fwp%2Fv2%2Fcomments&post=22081"}],"version-history":[{"count":33,"href":"https:\/\/www.czslc.sk\/index.php?rest_route=\/wp\/v2\/pages\/22081\/revisions"}],"predecessor-version":[{"id":38782,"href":"https:\/\/www.czslc.sk\/index.php?rest_route=\/wp\/v2\/pages\/22081\/revisions\/38782"}],"wp:attachment":[{"href":"https:\/\/www.czslc.sk\/index.php?rest_route=%2Fwp%2Fv2%2Fmedia&parent=22081"}],"curies":[{"name":"wp","href":"https:\/\/api.w.org\/{rel}","templated":true}]}}